{"id":781,"date":"2021-02-22T13:53:25","date_gmt":"2021-02-22T12:53:25","guid":{"rendered":"http:\/\/citronnature.fr\/?page_id=781"},"modified":"2026-03-17T17:33:53","modified_gmt":"2026-03-17T16:33:53","slug":"webateliers","status":"publish","type":"page","link":"https:\/\/citronnature.fr\/index.php\/webateliers\/","title":{"rendered":"Devenez manager de transition"},"content":{"rendered":"<div class=\"wp-block-image\">\n<figure class=\"aligncenter size-large\"><img loading=\"lazy\" decoding=\"async\" width=\"1024\" height=\"216\" src=\"https:\/\/citronnature.fr\/wp-content\/uploads\/2025\/03\/Bandeau-manager-1024x216.jpg\" alt=\"\" class=\"wp-image-1167\" srcset=\"https:\/\/citronnature.fr\/wp-content\/uploads\/2025\/03\/Bandeau-manager-1024x216.jpg 1024w, https:\/\/citronnature.fr\/wp-content\/uploads\/2025\/03\/Bandeau-manager-300x63.jpg 300w, https:\/\/citronnature.fr\/wp-content\/uploads\/2025\/03\/Bandeau-manager-768x162.jpg 768w, https:\/\/citronnature.fr\/wp-content\/uploads\/2025\/03\/Bandeau-manager-1536x324.jpg 1536w, https:\/\/citronnature.fr\/wp-content\/uploads\/2025\/03\/Bandeau-manager-2048x432.jpg 2048w\" sizes=\"auto, (max-width: 1024px) 100vw, 1024px\" \/><\/figure><\/div>\n\n\n<div style=\"height:70px\" aria-hidden=\"true\" class=\"wp-block-spacer\"><\/div>\n\n\n\n<h2 class=\"wp-block-heading\">Manager de transition, <strong><mark style=\"background-color:rgba(0, 0, 0, 0)\" class=\"has-inline-color has-vivid-cyan-blue-color\">un m\u00e9tier plein d&rsquo;avenir<\/mark><\/strong><\/h2>\n\n\n\n<div style=\"height:30px\" aria-hidden=\"true\" class=\"wp-block-spacer\"><\/div>\n\n\n\n<p>Face au repli end\u00e9mique de l\u2019activit\u00e9, les entreprises doivent se transformer avec l&rsquo;aide de ressources externes plus souples et n\u2019impactant pas la masse salariale.<br>Dans ce contexte, le <strong><span class=\"has-inline-color has-vivid-cyan-blue-color\">management de transition<\/span><\/strong> est une solution agile pour conduire ces mutations au sein des entreprises.<\/p>\n\n\n\n<div style=\"height:80px\" aria-hidden=\"true\" class=\"wp-block-spacer\"><\/div>\n\n\n\n<div class=\"wp-block-columns is-layout-flex wp-container-core-columns-is-layout-9d6595d7 wp-block-columns-is-layout-flex\">\n<div class=\"wp-block-column is-vertically-aligned-top is-layout-flow wp-block-column-is-layout-flow\"><div class=\"wp-block-image is-resized\">\n<figure class=\"aligncenter size-large\"><img loading=\"lazy\" decoding=\"async\" width=\"510\" height=\"510\" src=\"http:\/\/citronnature.fr\/wp-content\/uploads\/2021\/02\/Picto-white-interrogation.jpg\" alt=\"\" class=\"wp-image-789\" style=\"width:100px\"\/><\/figure><\/div>\n\n\n<div style=\"height:25px\" aria-hidden=\"true\" class=\"wp-block-spacer\"><\/div>\n\n\n\n<h4 class=\"wp-block-heading has-text-align-center\"><strong>Entretien individuel<\/strong><\/h4>\n\n\n\n<div style=\"height:25px\" aria-hidden=\"true\" class=\"wp-block-spacer\"><\/div>\n\n\n<div class=\"wp-block-image is-resized\">\n<figure class=\"aligncenter size-large\"><a href=\"#entretien\"><img loading=\"lazy\" decoding=\"async\" width=\"272\" height=\"73\" src=\"http:\/\/citronnature.fr\/wp-content\/uploads\/2021\/02\/Bouton-voir-en-detail.jpg\" alt=\"\" class=\"wp-image-794\" style=\"width:150px\"\/><\/a><\/figure><\/div>\n\n\n<hr class=\"wp-block-separator has-text-color has-black-color has-css-opacity has-black-background-color has-background is-style-wide\"\/>\n<\/div>\n\n\n\n<div class=\"wp-block-column is-layout-flow wp-block-column-is-layout-flow\"><div class=\"wp-block-image is-resized\">\n<figure class=\"aligncenter size-large\"><img loading=\"lazy\" decoding=\"async\" width=\"512\" height=\"512\" src=\"http:\/\/citronnature.fr\/wp-content\/uploads\/2021\/02\/Picto-white-managers.jpg\" alt=\"\" class=\"wp-image-795\" style=\"width:100px\"\/><\/figure><\/div>\n\n\n<div style=\"height:25px\" aria-hidden=\"true\" class=\"wp-block-spacer\"><\/div>\n\n\n\n<h4 class=\"wp-block-heading has-text-align-center\"><strong>Web-ateliers : 4 x 1h30<\/strong><\/h4>\n\n\n\n<div style=\"height:25px\" aria-hidden=\"true\" class=\"wp-block-spacer\"><\/div>\n\n\n<div class=\"wp-block-image is-resized\">\n<figure class=\"aligncenter size-large\"><a href=\"#modules\"><img loading=\"lazy\" decoding=\"async\" width=\"272\" height=\"73\" src=\"http:\/\/citronnature.fr\/wp-content\/uploads\/2021\/02\/Bouton-voir-en-detail.jpg\" alt=\"\" class=\"wp-image-794\" style=\"width:150px\"\/><\/a><\/figure><\/div>\n\n\n<hr class=\"wp-block-separator has-text-color has-black-color has-css-opacity has-black-background-color has-background is-style-wide\"\/>\n<\/div>\n\n\n\n<div class=\"wp-block-column is-layout-flow wp-block-column-is-layout-flow\"><div class=\"wp-block-image is-resized\">\n<figure class=\"aligncenter size-large\"><img loading=\"lazy\" decoding=\"async\" width=\"512\" height=\"512\" src=\"http:\/\/citronnature.fr\/wp-content\/uploads\/2021\/02\/Picto-white-hand-shake.jpg\" alt=\"\" class=\"wp-image-791\" style=\"width:100px\"\/><\/figure><\/div>\n\n\n<div style=\"height:25px\" aria-hidden=\"true\" class=\"wp-block-spacer\"><\/div>\n\n\n\n<h4 class=\"wp-block-heading has-text-align-center\"><strong>Accompagnement personnalis\u00e9<\/strong><\/h4>\n\n\n\n<div style=\"height:25px\" aria-hidden=\"true\" class=\"wp-block-spacer\"><\/div>\n\n\n<div class=\"wp-block-image is-resized\">\n<figure class=\"aligncenter size-large\"><a href=\"#accompagnement\"><img loading=\"lazy\" decoding=\"async\" width=\"272\" height=\"73\" src=\"http:\/\/citronnature.fr\/wp-content\/uploads\/2021\/02\/Bouton-voir-en-detail.jpg\" alt=\"\" class=\"wp-image-794\" style=\"width:150px\"\/><\/a><\/figure><\/div>\n\n\n<hr class=\"wp-block-separator has-text-color has-black-color has-css-opacity has-black-background-color has-background is-style-wide\"\/>\n<\/div>\n<\/div>\n\n\n\n<div style=\"height:100px\" aria-hidden=\"true\" id=\"entretien\" class=\"wp-block-spacer\"><\/div>\n\n\n\n<h3 class=\"wp-block-heading has-cyan-bluish-gray-background-color has-background\"><strong>&gt; Entretien individuel<\/strong><\/h3>\n\n\n\n<p><strong>Etes-vous pr\u00eat \u00e0 devenir un manager de transition ?<\/strong><br>Vous \u00eates vous pos\u00e9 les bonnes questions ?<br>Pour le savoir, rien de plus simple : contactez directement <strong><span class=\"has-inline-color has-vivid-cyan-blue-color\">CITRON NATURE Management de Transition <\/span><\/strong>par mail ou t\u00e9l\u00e9phone afin que nous organisions avec vous un entretien individuel de cadrage.<br>Cet \u00e9change peut vous permettre d&rsquo;y voir plus clair.<\/p>\n\n\n\n<blockquote class=\"wp-block-quote is-layout-flow wp-block-quote-is-layout-flow\">\n<p><strong>Co\u00fbt = offert<\/strong><\/p>\n<\/blockquote>\n\n\n\n<p><strong>CONTACT : citronnature@orange.fr <\/strong>ou par t\u00e9l\u00e9phone au<strong> 06.11.76.55.22<\/strong><\/p>\n\n\n\n<div style=\"height:100px\" aria-hidden=\"true\" id=\"modules\" class=\"wp-block-spacer\"><\/div>\n\n\n\n<h3 class=\"wp-block-heading has-cyan-bluish-gray-background-color has-background\"><strong>&gt; Ateliers collectifs<\/strong><\/h3>\n\n\n\n<p><strong>Vous souhaitez tout savoir sur le management de transition et bien lancer votre activit\u00e9&#8230;<\/strong><br><strong><span class=\"has-inline-color has-vivid-cyan-blue-color\">CITRON NATURE Management de Transition <\/span><\/strong>vous propose quatre ateliers collectifs en ligne (4 personnes max.) de 1h30 chacun :<br><span style=\"text-decoration: underline;\">Atelier 1<\/span> &#8211; D\u00e9couvrir le march\u00e9, les acteurs, les missions<br><span style=\"text-decoration: underline;\">Atelier 2<\/span> &#8211; Conna\u00eetre les diff\u00e9rents statuts juridiques et structurer votre offre<br><span style=\"text-decoration: underline;\">Atelier 3<\/span> &#8211; Savoir vous vendre et trouver vos premi\u00e8res missions<br><span style=\"text-decoration: underline;\">Atelier 4<\/span> &#8211; Ma\u00eetriser les outils et les m\u00e9thodes du management de transition<\/p>\n\n\n\n<blockquote class=\"wp-block-quote is-style-default is-layout-flow wp-block-quote-is-layout-flow\">\n<p><strong>Co\u00fbt = 480<\/strong> <strong>\u20ac TTC par session de 4 web-ateliers collectifs de 1h30<\/strong><\/p>\n<\/blockquote>\n\n\n\n<p>Tous nos paiements sont s\u00e9curis\u00e9s par <a rel=\"noreferrer noopener\" href=\"https:\/\/www.billetweb.fr\/fr\/references\" target=\"_blank\">Billetweb<\/a><\/p>\n\n\n\n<div style=\"height:45px\" aria-hidden=\"true\" class=\"wp-block-spacer\"><\/div>\n\n\n\n<h4 class=\"wp-block-heading has-text-align-center\">Notre prochaine session disponible<\/h4>\n\n\n\n<div style=\"height:31px\" aria-hidden=\"true\" class=\"wp-block-spacer\"><\/div>\n\n\n\n<figure class=\"wp-block-table is-style-stripes\"><table><tbody><tr><td class=\"has-text-align-center\" data-align=\"center\"><strong>Modules<\/strong><\/td><td class=\"has-text-align-center\" data-align=\"center\"><strong>Dates<\/strong><\/td><\/tr><tr><td class=\"has-text-align-center\" data-align=\"center\">Atelier 1<\/td><td class=\"has-text-align-center\" data-align=\"center\">mercredi 6 mai 2026 &#8211; 18h00-19h30<\/td><\/tr><tr><td class=\"has-text-align-center\" data-align=\"center\">Atelier 2<\/td><td class=\"has-text-align-center\" data-align=\"center\">mardi 12 mai 2026 &#8211; 18h00-19h30<\/td><\/tr><tr><td class=\"has-text-align-center\" data-align=\"center\">Atelier 3<\/td><td class=\"has-text-align-center\" data-align=\"center\">mardi 19 mai 2026 &#8211; 18h00-19h30<\/td><\/tr><tr><td class=\"has-text-align-center\" data-align=\"center\">Atelier 4<\/td><td class=\"has-text-align-center\" data-align=\"center\">jeudi 21 mai 2026 &#8211; 18h00-19h30<\/td><\/tr><\/tbody><\/table><\/figure>\n\n\n\n<hr class=\"wp-block-separator has-css-opacity\"\/>\n\n\n\n<div class=\"wp-block-columns is-layout-flex wp-container-core-columns-is-layout-9d6595d7 wp-block-columns-is-layout-flex\">\n<div class=\"wp-block-column is-layout-flow wp-block-column-is-layout-flow\" style=\"flex-basis:66.66%\">\n<p><strong>Ces dates me conviennent<\/strong> :<br>&gt; je veux m&rsquo;inscrire aux dates de la session ci-dessus<\/p>\n<\/div>\n\n\n\n<div class=\"wp-block-column is-layout-flow wp-block-column-is-layout-flow\" style=\"flex-basis:33.33%\">\n<figure class=\"wp-block-image size-large is-resized\"><a href=\"https:\/\/www.billetweb.fr\/session-053\"><img loading=\"lazy\" decoding=\"async\" width=\"272\" height=\"73\" src=\"http:\/\/citronnature.fr\/wp-content\/uploads\/2021\/02\/Bouton-acheter-Copie.jpg\" alt=\"\" class=\"wp-image-868\" style=\"width:138px;height:37px\"\/><\/a><\/figure>\n<\/div>\n<\/div>\n\n\n\n<div class=\"wp-block-columns is-layout-flex wp-container-core-columns-is-layout-9d6595d7 wp-block-columns-is-layout-flex\">\n<div class=\"wp-block-column is-layout-flow wp-block-column-is-layout-flow\" style=\"flex-basis:66.66%\">\n<p><strong>Ces dates ne me conviennent pas<\/strong> :<br>&gt; je veux voir le planning de r\u00e9servation pour les deux prochains mois<\/p>\n<\/div>\n\n\n\n<div class=\"wp-block-column is-layout-flow wp-block-column-is-layout-flow\" style=\"flex-basis:33.33%\">\n<figure class=\"wp-block-image size-large is-resized\"><a href=\"https:\/\/www.billetweb.fr\/pro\/citron-nature-consultants\"><img loading=\"lazy\" decoding=\"async\" width=\"272\" height=\"73\" src=\"http:\/\/citronnature.fr\/wp-content\/uploads\/2021\/02\/Bouton-Planning.jpg\" alt=\"\" class=\"wp-image-869\" style=\"width:137px;height:37px\"\/><\/a><\/figure>\n<\/div>\n<\/div>\n\n\n\n<div style=\"height:100px\" aria-hidden=\"true\" id=\"accompagnement\" class=\"wp-block-spacer\"><\/div>\n\n\n\n<p class=\"has-text-align-center\">\u00ab\u00a0<em>Marianne r\u00e9pond \u00e0 toutes les questions pos\u00e9es et cela donne une photographie \u00e0 360\u00b0 du management de transition, en toute transparence, avec ses avantages et ses inconv\u00e9nients. Tout cela de mani\u00e8re tr\u00e8s concr\u00e8te !<\/em> \u00ab\u00a0<br><strong>Nathalie<\/strong><\/p>\n\n\n\n<p class=\"has-text-align-center\">\u00ab\u00a0<em>Tr\u00e8s int\u00e9ressant \u00e0 suivre pour avoir une vision claire du management de transition. Marianne Citron y d\u00e9voile les facettes de son m\u00e9tier avec une totale objectivit\u00e9.<\/em> \u00ab\u00a0<br><strong>R\u00e9gis<\/strong><\/p>\n\n\n\n<p class=\"has-text-align-center\">\u00ab\u00a0<em>J&rsquo;ai pu appr\u00e9hender le r\u00f4le de manager de transition, et les explications de Madame Citron \u00e9taient tr\u00e8s claires<\/em> \u00ab\u00a0<br><strong>Laurent<\/strong><\/p>\n\n\n\n<div style=\"height:100px\" aria-hidden=\"true\" id=\"accompagnement\" class=\"wp-block-spacer\"><\/div>\n\n\n\n<p class=\"has-text-align-center\"><strong>T\u00e9l\u00e9chargez la plaquette de pr\u00e9sentation<\/strong><\/p>\n\n\n<div class=\"wp-block-image is-resized\">\n<figure class=\"aligncenter size-large\"><a href=\"http:\/\/citronnature.fr\/wp-content\/uploads\/2021\/03\/Accompagnt-MT-4-ateliers.pdf\" target=\"_blank\" rel=\"noopener\"><img loading=\"lazy\" decoding=\"async\" width=\"453\" height=\"641\" src=\"http:\/\/citronnature.fr\/wp-content\/uploads\/2021\/03\/Plaquette-MT-4-ateliers.jpg\" alt=\"\" class=\"wp-image-880\" style=\"width:173px;height:auto\"\/><\/a><\/figure><\/div>\n\n\n<div style=\"height:100px\" aria-hidden=\"true\" id=\"accompagnement\" class=\"wp-block-spacer\"><\/div>\n\n\n\n<h3 class=\"wp-block-heading has-cyan-bluish-gray-background-color has-background\"><strong>&gt; Accompagnement individuel personnalis\u00e9<\/strong><\/h3>\n\n\n\n<p><strong>Vous pr\u00e9f\u00e9rez un travail de pr\u00e9paration plus approfondi et un accompagnement personnalis\u00e9&#8230;<br><\/strong>Contenu : toutes les options des ateliers collectifs, adapt\u00e9s \u00e0 votre situation<br>+ R\u00e9aliser un vrai CV de manager de transition<br>+ Rendre votre profil Linked&rsquo;In performant<br>+ Choisissez le statut le mieux adapt\u00e9 \u00e0 votre situation<br>+ Peaufiner votre pitch : 2 minutes pour convaincre !<\/p>\n\n\n\n<p>Dans le cadre d&rsquo;un suivi individuel et personnalis\u00e9, <strong><span class=\"has-inline-color has-vivid-cyan-blue-color\">CITRON NATURE Management de Transition <\/span><\/strong>vous accompagne afin que vous r\u00e9ussissiez toutes les \u00e9tapes strat\u00e9giques pour devenir manager de transition.<\/p>\n\n\n\n<blockquote class=\"wp-block-quote is-layout-flow wp-block-quote-is-layout-flow\">\n<p><strong>Co\u00fbt = 980 \u20ac TTC pour un accompagnement individuel de 6h00<\/strong><\/p>\n<\/blockquote>\n\n\n\n<p><strong>CONTACT : citronnature@orange.fr <\/strong>ou par t\u00e9l\u00e9phone au<strong> 06.11.76.55.22<\/strong><\/p>\n\n\n\n<div style=\"height:80px\" aria-hidden=\"true\" class=\"wp-block-spacer\"><\/div>\n\n\n\n<h4 class=\"wp-block-heading\"><span style=\"text-decoration: underline;\">Modalit\u00e9s<\/span><\/h4>\n\n\n\n<ul class=\"wp-block-list\">\n<li><span style=\"text-decoration: underline;\">Dans le cas des ateliers collectifs<\/span>, merci de bien noter que si le nombre de 2 participants n&rsquo;\u00e9tait pas atteint aux dates choisies, <span class=\"has-inline-color has-vivid-cyan-blue-color\"><strong>CITRON NATURE Management de Transition <\/strong><\/span>se r\u00e9serve la possibilit\u00e9 de vous proposer de rejoindre un autre groupe \u00e0 une autre date.<\/li>\n\n\n\n<li><span style=\"text-decoration: underline;\">Dans le cas de l&rsquo;accompagnement individuel personnalis\u00e9<\/span>, d\u00e8s votre achat en ligne, <strong><mark style=\"background-color:rgba(0, 0, 0, 0)\" class=\"has-inline-color has-vivid-cyan-blue-color\">CITRON Nature Management de Transition<\/mark><\/strong> prendra contact avec vous sous 24h pour convenir des modalit\u00e9s pratiques de la prestation.<\/li>\n<\/ul>\n\n\n\n<p><\/p>\n","protected":false},"excerpt":{"rendered":"<p>Manager de transition, un m\u00e9tier plein d&rsquo;avenir Face au repli end\u00e9mique de l\u2019activit\u00e9, les entreprises doivent se transformer avec l&rsquo;aide de ressources externes plus souples et n\u2019impactant pas la masse salariale.Dans ce contexte, le management de transition est une solution agile pour conduire ces mutations au sein des entreprises. Entretien individuel Web-ateliers : 4 x [&hellip;]<\/p>\n","protected":false},"author":1,"featured_media":0,"parent":0,"menu_order":0,"comment_status":"closed","ping_status":"closed","template":"","meta":{"footnotes":""},"class_list":["post-781","page","type-page","status-publish","hentry"],"yoast_head":"<!-- This site is optimized with the Yoast SEO plugin v25.4 - https:\/\/yoast.com\/wordpress\/plugins\/seo\/ -->\n<title>Devenez manager de transition - CITRON NATURE Management de transition<\/title>\n<meta name=\"robots\" content=\"index, follow, max-snippet:-1, max-image-preview:large, max-video-preview:-1\" \/>\n<link rel=\"canonical\" href=\"https:\/\/citronnature.fr\/index.php\/webateliers\/\" \/>\n<meta property=\"og:locale\" content=\"fr_FR\" \/>\n<meta property=\"og:type\" content=\"article\" \/>\n<meta property=\"og:title\" content=\"Devenez manager de transition - CITRON NATURE Management de transition\" \/>\n<meta property=\"og:description\" content=\"Manager de transition, un m\u00e9tier plein d&rsquo;avenir Face au repli end\u00e9mique de l\u2019activit\u00e9, les entreprises doivent se transformer avec l&rsquo;aide de ressources externes plus souples et n\u2019impactant pas la masse salariale.Dans ce contexte, le management de transition est une solution agile pour conduire ces mutations au sein des entreprises. Entretien individuel Web-ateliers : 4 x [&hellip;]\" \/>\n<meta property=\"og:url\" content=\"https:\/\/citronnature.fr\/index.php\/webateliers\/\" \/>\n<meta property=\"og:site_name\" content=\"CITRON NATURE Management de transition\" \/>\n<meta property=\"article:modified_time\" content=\"2026-03-17T16:33:53+00:00\" \/>\n<meta property=\"og:image\" content=\"https:\/\/citronnature.fr\/wp-content\/uploads\/2025\/03\/Bandeau-manager-scaled.jpg\" \/>\n\t<meta property=\"og:image:width\" content=\"2560\" \/>\n\t<meta property=\"og:image:height\" content=\"540\" \/>\n\t<meta property=\"og:image:type\" content=\"image\/jpeg\" \/>\n<meta name=\"twitter:card\" content=\"summary_large_image\" \/>\n<meta name=\"twitter:label1\" content=\"Dur\u00e9e de lecture estim\u00e9e\" \/>\n\t<meta name=\"twitter:data1\" content=\"5 minutes\" \/>\n<script type=\"application\/ld+json\" class=\"yoast-schema-graph\">{\"@context\":\"https:\/\/schema.org\",\"@graph\":[{\"@type\":\"WebPage\",\"@id\":\"https:\/\/citronnature.fr\/index.php\/webateliers\/\",\"url\":\"https:\/\/citronnature.fr\/index.php\/webateliers\/\",\"name\":\"Devenez manager de transition - CITRON NATURE Management de transition\",\"isPartOf\":{\"@id\":\"https:\/\/citronnature.fr\/#website\"},\"primaryImageOfPage\":{\"@id\":\"https:\/\/citronnature.fr\/index.php\/webateliers\/#primaryimage\"},\"image\":{\"@id\":\"https:\/\/citronnature.fr\/index.php\/webateliers\/#primaryimage\"},\"thumbnailUrl\":\"https:\/\/citronnature.fr\/wp-content\/uploads\/2025\/03\/Bandeau-manager-1024x216.jpg\",\"datePublished\":\"2021-02-22T12:53:25+00:00\",\"dateModified\":\"2026-03-17T16:33:53+00:00\",\"breadcrumb\":{\"@id\":\"https:\/\/citronnature.fr\/index.php\/webateliers\/#breadcrumb\"},\"inLanguage\":\"fr-FR\",\"potentialAction\":[{\"@type\":\"ReadAction\",\"target\":[\"https:\/\/citronnature.fr\/index.php\/webateliers\/\"]}]},{\"@type\":\"ImageObject\",\"inLanguage\":\"fr-FR\",\"@id\":\"https:\/\/citronnature.fr\/index.php\/webateliers\/#primaryimage\",\"url\":\"https:\/\/citronnature.fr\/wp-content\/uploads\/2025\/03\/Bandeau-manager-scaled.jpg\",\"contentUrl\":\"https:\/\/citronnature.fr\/wp-content\/uploads\/2025\/03\/Bandeau-manager-scaled.jpg\",\"width\":2560,\"height\":540},{\"@type\":\"BreadcrumbList\",\"@id\":\"https:\/\/citronnature.fr\/index.php\/webateliers\/#breadcrumb\",\"itemListElement\":[{\"@type\":\"ListItem\",\"position\":1,\"name\":\"Accueil\",\"item\":\"https:\/\/citronnature.fr\/\"},{\"@type\":\"ListItem\",\"position\":2,\"name\":\"Devenez manager de transition\"}]},{\"@type\":\"WebSite\",\"@id\":\"https:\/\/citronnature.fr\/#website\",\"url\":\"https:\/\/citronnature.fr\/\",\"name\":\"CITRON NATURE Management de transition\",\"description\":\"\",\"publisher\":{\"@id\":\"https:\/\/citronnature.fr\/#organization\"},\"potentialAction\":[{\"@type\":\"SearchAction\",\"target\":{\"@type\":\"EntryPoint\",\"urlTemplate\":\"https:\/\/citronnature.fr\/?s={search_term_string}\"},\"query-input\":{\"@type\":\"PropertyValueSpecification\",\"valueRequired\":true,\"valueName\":\"search_term_string\"}}],\"inLanguage\":\"fr-FR\"},{\"@type\":\"Organization\",\"@id\":\"https:\/\/citronnature.fr\/#organization\",\"name\":\"CITRON NATURE Management de transition\",\"url\":\"https:\/\/citronnature.fr\/\",\"logo\":{\"@type\":\"ImageObject\",\"inLanguage\":\"fr-FR\",\"@id\":\"https:\/\/citronnature.fr\/#\/schema\/logo\/image\/\",\"url\":\"https:\/\/citronnature.fr\/wp-content\/uploads\/2025\/04\/Logo-test.jpg\",\"contentUrl\":\"https:\/\/citronnature.fr\/wp-content\/uploads\/2025\/04\/Logo-test.jpg\",\"width\":1093,\"height\":264,\"caption\":\"CITRON NATURE Management de transition\"},\"image\":{\"@id\":\"https:\/\/citronnature.fr\/#\/schema\/logo\/image\/\"}}]}<\/script>\n<!-- \/ Yoast SEO plugin. -->","yoast_head_json":{"title":"Devenez manager de transition - CITRON NATURE Management de transition","robots":{"index":"index","follow":"follow","max-snippet":"max-snippet:-1","max-image-preview":"max-image-preview:large","max-video-preview":"max-video-preview:-1"},"canonical":"https:\/\/citronnature.fr\/index.php\/webateliers\/","og_locale":"fr_FR","og_type":"article","og_title":"Devenez manager de transition - CITRON NATURE Management de transition","og_description":"Manager de transition, un m\u00e9tier plein d&rsquo;avenir Face au repli end\u00e9mique de l\u2019activit\u00e9, les entreprises doivent se transformer avec l&rsquo;aide de ressources externes plus souples et n\u2019impactant pas la masse salariale.Dans ce contexte, le management de transition est une solution agile pour conduire ces mutations au sein des entreprises. Entretien individuel Web-ateliers : 4 x [&hellip;]","og_url":"https:\/\/citronnature.fr\/index.php\/webateliers\/","og_site_name":"CITRON NATURE Management de transition","article_modified_time":"2026-03-17T16:33:53+00:00","og_image":[{"width":2560,"height":540,"url":"https:\/\/citronnature.fr\/wp-content\/uploads\/2025\/03\/Bandeau-manager-scaled.jpg","type":"image\/jpeg"}],"twitter_card":"summary_large_image","twitter_misc":{"Dur\u00e9e de lecture estim\u00e9e":"5 minutes"},"schema":{"@context":"https:\/\/schema.org","@graph":[{"@type":"WebPage","@id":"https:\/\/citronnature.fr\/index.php\/webateliers\/","url":"https:\/\/citronnature.fr\/index.php\/webateliers\/","name":"Devenez manager de transition - CITRON NATURE Management de transition","isPartOf":{"@id":"https:\/\/citronnature.fr\/#website"},"primaryImageOfPage":{"@id":"https:\/\/citronnature.fr\/index.php\/webateliers\/#primaryimage"},"image":{"@id":"https:\/\/citronnature.fr\/index.php\/webateliers\/#primaryimage"},"thumbnailUrl":"https:\/\/citronnature.fr\/wp-content\/uploads\/2025\/03\/Bandeau-manager-1024x216.jpg","datePublished":"2021-02-22T12:53:25+00:00","dateModified":"2026-03-17T16:33:53+00:00","breadcrumb":{"@id":"https:\/\/citronnature.fr\/index.php\/webateliers\/#breadcrumb"},"inLanguage":"fr-FR","potentialAction":[{"@type":"ReadAction","target":["https:\/\/citronnature.fr\/index.php\/webateliers\/"]}]},{"@type":"ImageObject","inLanguage":"fr-FR","@id":"https:\/\/citronnature.fr\/index.php\/webateliers\/#primaryimage","url":"https:\/\/citronnature.fr\/wp-content\/uploads\/2025\/03\/Bandeau-manager-scaled.jpg","contentUrl":"https:\/\/citronnature.fr\/wp-content\/uploads\/2025\/03\/Bandeau-manager-scaled.jpg","width":2560,"height":540},{"@type":"BreadcrumbList","@id":"https:\/\/citronnature.fr\/index.php\/webateliers\/#breadcrumb","itemListElement":[{"@type":"ListItem","position":1,"name":"Accueil","item":"https:\/\/citronnature.fr\/"},{"@type":"ListItem","position":2,"name":"Devenez manager de transition"}]},{"@type":"WebSite","@id":"https:\/\/citronnature.fr\/#website","url":"https:\/\/citronnature.fr\/","name":"CITRON NATURE Management de transition","description":"","publisher":{"@id":"https:\/\/citronnature.fr\/#organization"},"potentialAction":[{"@type":"SearchAction","target":{"@type":"EntryPoint","urlTemplate":"https:\/\/citronnature.fr\/?s={search_term_string}"},"query-input":{"@type":"PropertyValueSpecification","valueRequired":true,"valueName":"search_term_string"}}],"inLanguage":"fr-FR"},{"@type":"Organization","@id":"https:\/\/citronnature.fr\/#organization","name":"CITRON NATURE Management de transition","url":"https:\/\/citronnature.fr\/","logo":{"@type":"ImageObject","inLanguage":"fr-FR","@id":"https:\/\/citronnature.fr\/#\/schema\/logo\/image\/","url":"https:\/\/citronnature.fr\/wp-content\/uploads\/2025\/04\/Logo-test.jpg","contentUrl":"https:\/\/citronnature.fr\/wp-content\/uploads\/2025\/04\/Logo-test.jpg","width":1093,"height":264,"caption":"CITRON NATURE Management de transition"},"image":{"@id":"https:\/\/citronnature.fr\/#\/schema\/logo\/image\/"}}]}},"_links":{"self":[{"href":"https:\/\/citronnature.fr\/index.php\/wp-json\/wp\/v2\/pages\/781","targetHints":{"allow":["GET"]}}],"collection":[{"href":"https:\/\/citronnature.fr\/index.php\/wp-json\/wp\/v2\/pages"}],"about":[{"href":"https:\/\/citronnature.fr\/index.php\/wp-json\/wp\/v2\/types\/page"}],"author":[{"embeddable":true,"href":"https:\/\/citronnature.fr\/index.php\/wp-json\/wp\/v2\/users\/1"}],"replies":[{"embeddable":true,"href":"https:\/\/citronnature.fr\/index.php\/wp-json\/wp\/v2\/comments?post=781"}],"version-history":[{"count":144,"href":"https:\/\/citronnature.fr\/index.php\/wp-json\/wp\/v2\/pages\/781\/revisions"}],"predecessor-version":[{"id":1862,"href":"https:\/\/citronnature.fr\/index.php\/wp-json\/wp\/v2\/pages\/781\/revisions\/1862"}],"wp:attachment":[{"href":"https:\/\/citronnature.fr\/index.php\/wp-json\/wp\/v2\/media?parent=781"}],"curies":[{"name":"wp","href":"https:\/\/api.w.org\/{rel}","templated":true}]}}