{"id":224,"date":"2018-06-29T15:18:52","date_gmt":"2018-06-29T13:18:52","guid":{"rendered":"http:\/\/citronnature.fr\/?page_id=224"},"modified":"2025-05-02T14:18:35","modified_gmt":"2025-05-02T12:18:35","slug":"news","status":"publish","type":"page","link":"https:\/\/citronnature.fr\/index.php\/news\/","title":{"rendered":"M\u00e9c\u00e9nat"},"content":{"rendered":"<div class=\"wp-block-image\">\n<figure class=\"aligncenter size-large\"><img loading=\"lazy\" decoding=\"async\" width=\"1024\" height=\"216\" src=\"https:\/\/citronnature.fr\/wp-content\/uploads\/2025\/03\/Bandeau-mecenat-1024x216.jpg\" alt=\"\" class=\"wp-image-1159\" srcset=\"https:\/\/citronnature.fr\/wp-content\/uploads\/2025\/03\/Bandeau-mecenat-1024x216.jpg 1024w, https:\/\/citronnature.fr\/wp-content\/uploads\/2025\/03\/Bandeau-mecenat-300x63.jpg 300w, https:\/\/citronnature.fr\/wp-content\/uploads\/2025\/03\/Bandeau-mecenat-768x162.jpg 768w, https:\/\/citronnature.fr\/wp-content\/uploads\/2025\/03\/Bandeau-mecenat-1536x324.jpg 1536w, https:\/\/citronnature.fr\/wp-content\/uploads\/2025\/03\/Bandeau-mecenat-2048x432.jpg 2048w\" sizes=\"auto, (max-width: 1024px) 100vw, 1024px\" \/><\/figure><\/div>\n\n\n<div style=\"height:70px\" aria-hidden=\"true\" class=\"wp-block-spacer\"><\/div>\n\n\n<div class=\"wp-block-image is-resized\">\n<figure class=\"aligncenter\"><img loading=\"lazy\" decoding=\"async\" width=\"250\" height=\"300\" src=\"http:\/\/citronnature.fr\/wp-content\/uploads\/2019\/02\/Logo-Ecoutez-Voir-blanc-1-250x300.jpg\" alt=\"\" class=\"wp-image-522\" srcset=\"https:\/\/citronnature.fr\/wp-content\/uploads\/2019\/02\/Logo-Ecoutez-Voir-blanc-1-250x300.jpg 250w, https:\/\/citronnature.fr\/wp-content\/uploads\/2019\/02\/Logo-Ecoutez-Voir-blanc-1.jpg 500w\" sizes=\"auto, (max-width: 250px) 100vw, 250px\" \/><\/figure><\/div>\n\n\n<div style=\"height:30px\" aria-hidden=\"true\" class=\"wp-block-spacer\"><\/div>\n\n\n\n<p><span style=\"color: #00ccff;\"><strong><span style=\"color: #000000;\">Depuis 2019,<\/span> <mark style=\"background-color:rgba(0, 0, 0, 0)\" class=\"has-inline-color has-vivid-cyan-blue-color\">CITRON NATURE Management de Transition <\/mark><\/strong><\/span>soutient le d\u00e9veloppement de la culture en milieu rural en aidant l&rsquo;Association <strong>ECOUTEZ VOIR<\/strong>.<br>Puisqu&rsquo;il y a peu d&rsquo;offre culturelle dans les villages, cette association permet de regrouper les amateurs \u00ab\u00a0<em>les uns chez les autres\u00a0\u00bb,<\/em> autour de spectacles \u00e0 la maison : concerts, th\u00e9\u00e2tre, contes, arts du cirque, conf\u00e9rences, humour, magie, &#8230;<br>Le spectacle vivant est multiple, chacun doit y trouver son bonheur !<\/p>\n\n\n\n<div style=\"height:70px\" aria-hidden=\"true\" class=\"wp-block-spacer\"><\/div>\n\n\n<div class=\"wp-block-image\">\n<figure class=\"aligncenter\"><img loading=\"lazy\" decoding=\"async\" width=\"300\" height=\"53\" src=\"http:\/\/citronnature.fr\/wp-content\/uploads\/2018\/07\/Logo-Dans-les-pas-de-l\u00e9a-300x53.jpg\" alt=\"\" class=\"wp-image-329\" srcset=\"https:\/\/citronnature.fr\/wp-content\/uploads\/2018\/07\/Logo-Dans-les-pas-de-l\u00e9a-300x53.jpg 300w, https:\/\/citronnature.fr\/wp-content\/uploads\/2018\/07\/Logo-Dans-les-pas-de-l\u00e9a-768x135.jpg 768w, https:\/\/citronnature.fr\/wp-content\/uploads\/2018\/07\/Logo-Dans-les-pas-de-l\u00e9a.jpg 926w\" sizes=\"auto, (max-width: 300px) 100vw, 300px\" \/><\/figure><\/div>\n\n\n<div style=\"height:30px\" aria-hidden=\"true\" class=\"wp-block-spacer\"><\/div>\n\n\n\n<p><span style=\"color: #00ccff;\"><strong><span style=\"color: #000000;\">En 2018,<\/span> <mark style=\"background-color:rgba(0, 0, 0, 0)\" class=\"has-inline-color has-vivid-cyan-blue-color\">CITRON NATURE<span style=\"color: #00ccff;\"><strong><mark style=\"background-color:rgba(0, 0, 0, 0)\" class=\"has-inline-color has-vivid-cyan-blue-color\"> Management de Transition<\/mark><\/strong><\/span> <\/mark><\/strong><\/span>a soutenu l&rsquo;association <strong>DANS LES PAS DE L\u00c9A<\/strong> afin de permettre \u00e0 cette petite fille de 10 ans atteinte d&rsquo;une infirmit\u00e9 motrice c\u00e9r\u00e9brale tr\u00e8s\u00a0 rare (maladie orpheline) de b\u00e9n\u00e9ficier d&rsquo;une technique de r\u00e9\u00e9ducation qui ne se pratique qu&rsquo;aux Etats-Unis et qui devrait lui permettre de r\u00e9aliser son plus grand r\u00eave : marcher !<\/p>\n\n\n\n<div style=\"height:70px\" aria-hidden=\"true\" class=\"wp-block-spacer\"><\/div>\n\n\n<div class=\"wp-block-image\">\n<figure class=\"aligncenter\"><img loading=\"lazy\" decoding=\"async\" width=\"238\" height=\"249\" src=\"http:\/\/citronnature.fr\/wp-content\/uploads\/2018\/07\/Logo-Toutouscool.jpg\" alt=\"\" class=\"wp-image-247\"\/><\/figure><\/div>\n\n\n<div style=\"height:30px\" aria-hidden=\"true\" class=\"wp-block-spacer\"><\/div>\n\n\n\n<p><strong>De 2014 \u00e0 2017<\/strong>, <span style=\"color: #00ccff;\"><strong><mark style=\"background-color:rgba(0, 0, 0, 0)\" class=\"has-inline-color has-vivid-cyan-blue-color\">CITRON NATURE<span style=\"color: #00ccff;\"><strong><mark style=\"background-color:rgba(0, 0, 0, 0)\" class=\"has-inline-color has-vivid-cyan-blue-color\"> Management de Transition<\/mark><\/strong><\/span> <\/mark><\/strong><\/span>a soutenu l\u2019association <strong>TOUTOU&rsquo;S&rsquo;COOL<\/strong> qui forme des chiens d\u2019assistance destin\u00e9s aux personnes handicap\u00e9es ou \u00e0 mobilit\u00e9 r\u00e9duite.<br>Ces animaux les aident dans leur quotidien, comme par exemple ramasser un crayon, ouvrir une porte, alerter en cas d\u2019urgence, autant de gestes qui facilitent la vie.<br>TOUTOU&rsquo;S&rsquo;COOL organise aussi des s\u00e9ances de th\u00e9rapie canine qui sont r\u00e9alis\u00e9es au sein d\u2019unit\u00e9s sp\u00e9cialis\u00e9es dans le traitement de la maladie d\u2019Alzheimer.<\/p>\n","protected":false},"excerpt":{"rendered":"<p>Depuis 2019, CITRON NATURE Management de Transition soutient le d\u00e9veloppement de la culture en milieu rural en aidant l&rsquo;Association ECOUTEZ VOIR.Puisqu&rsquo;il y a peu d&rsquo;offre culturelle dans les villages, cette association permet de regrouper les amateurs \u00ab\u00a0les uns chez les autres\u00a0\u00bb, autour de spectacles \u00e0 la maison : concerts, th\u00e9\u00e2tre, contes, arts du cirque, conf\u00e9rences, [&hellip;]<\/p>\n","protected":false},"author":1,"featured_media":0,"parent":0,"menu_order":0,"comment_status":"closed","ping_status":"closed","template":"","meta":{"footnotes":""},"class_list":["post-224","page","type-page","status-publish","hentry"],"yoast_head":"<!-- This site is optimized with the Yoast SEO plugin v25.4 - https:\/\/yoast.com\/wordpress\/plugins\/seo\/ -->\n<title>M\u00e9c\u00e9nat - CITRON NATURE Management de transition<\/title>\n<meta name=\"robots\" content=\"index, follow, max-snippet:-1, max-image-preview:large, max-video-preview:-1\" \/>\n<link rel=\"canonical\" href=\"https:\/\/citronnature.fr\/index.php\/news\/\" \/>\n<meta property=\"og:locale\" content=\"fr_FR\" \/>\n<meta property=\"og:type\" content=\"article\" \/>\n<meta property=\"og:title\" content=\"M\u00e9c\u00e9nat - CITRON NATURE Management de transition\" \/>\n<meta property=\"og:description\" content=\"Depuis 2019, CITRON NATURE Management de Transition soutient le d\u00e9veloppement de la culture en milieu rural en aidant l&rsquo;Association ECOUTEZ VOIR.Puisqu&rsquo;il y a peu d&rsquo;offre culturelle dans les villages, cette association permet de regrouper les amateurs \u00ab\u00a0les uns chez les autres\u00a0\u00bb, autour de spectacles \u00e0 la maison : concerts, th\u00e9\u00e2tre, contes, arts du cirque, conf\u00e9rences, [&hellip;]\" \/>\n<meta property=\"og:url\" content=\"https:\/\/citronnature.fr\/index.php\/news\/\" \/>\n<meta property=\"og:site_name\" content=\"CITRON NATURE Management de transition\" \/>\n<meta property=\"article:modified_time\" content=\"2025-05-02T12:18:35+00:00\" \/>\n<meta property=\"og:image\" content=\"https:\/\/citronnature.fr\/wp-content\/uploads\/2025\/03\/Bandeau-mecenat-1024x216.jpg\" \/>\n<meta name=\"twitter:card\" content=\"summary_large_image\" \/>\n<meta name=\"twitter:label1\" content=\"Dur\u00e9e de lecture estim\u00e9e\" \/>\n\t<meta name=\"twitter:data1\" content=\"1 minute\" \/>\n<script type=\"application\/ld+json\" class=\"yoast-schema-graph\">{\"@context\":\"https:\/\/schema.org\",\"@graph\":[{\"@type\":\"WebPage\",\"@id\":\"https:\/\/citronnature.fr\/index.php\/news\/\",\"url\":\"https:\/\/citronnature.fr\/index.php\/news\/\",\"name\":\"M\u00e9c\u00e9nat - CITRON NATURE Management de transition\",\"isPartOf\":{\"@id\":\"https:\/\/citronnature.fr\/#website\"},\"primaryImageOfPage\":{\"@id\":\"https:\/\/citronnature.fr\/index.php\/news\/#primaryimage\"},\"image\":{\"@id\":\"https:\/\/citronnature.fr\/index.php\/news\/#primaryimage\"},\"thumbnailUrl\":\"https:\/\/citronnature.fr\/wp-content\/uploads\/2025\/03\/Bandeau-mecenat-1024x216.jpg\",\"datePublished\":\"2018-06-29T13:18:52+00:00\",\"dateModified\":\"2025-05-02T12:18:35+00:00\",\"breadcrumb\":{\"@id\":\"https:\/\/citronnature.fr\/index.php\/news\/#breadcrumb\"},\"inLanguage\":\"fr-FR\",\"potentialAction\":[{\"@type\":\"ReadAction\",\"target\":[\"https:\/\/citronnature.fr\/index.php\/news\/\"]}]},{\"@type\":\"ImageObject\",\"inLanguage\":\"fr-FR\",\"@id\":\"https:\/\/citronnature.fr\/index.php\/news\/#primaryimage\",\"url\":\"https:\/\/citronnature.fr\/wp-content\/uploads\/2025\/03\/Bandeau-mecenat-scaled.jpg\",\"contentUrl\":\"https:\/\/citronnature.fr\/wp-content\/uploads\/2025\/03\/Bandeau-mecenat-scaled.jpg\",\"width\":2560,\"height\":540},{\"@type\":\"BreadcrumbList\",\"@id\":\"https:\/\/citronnature.fr\/index.php\/news\/#breadcrumb\",\"itemListElement\":[{\"@type\":\"ListItem\",\"position\":1,\"name\":\"Accueil\",\"item\":\"https:\/\/citronnature.fr\/\"},{\"@type\":\"ListItem\",\"position\":2,\"name\":\"M\u00e9c\u00e9nat\"}]},{\"@type\":\"WebSite\",\"@id\":\"https:\/\/citronnature.fr\/#website\",\"url\":\"https:\/\/citronnature.fr\/\",\"name\":\"CITRON NATURE Management de transition\",\"description\":\"\",\"publisher\":{\"@id\":\"https:\/\/citronnature.fr\/#organization\"},\"potentialAction\":[{\"@type\":\"SearchAction\",\"target\":{\"@type\":\"EntryPoint\",\"urlTemplate\":\"https:\/\/citronnature.fr\/?s={search_term_string}\"},\"query-input\":{\"@type\":\"PropertyValueSpecification\",\"valueRequired\":true,\"valueName\":\"search_term_string\"}}],\"inLanguage\":\"fr-FR\"},{\"@type\":\"Organization\",\"@id\":\"https:\/\/citronnature.fr\/#organization\",\"name\":\"CITRON NATURE Management de transition\",\"url\":\"https:\/\/citronnature.fr\/\",\"logo\":{\"@type\":\"ImageObject\",\"inLanguage\":\"fr-FR\",\"@id\":\"https:\/\/citronnature.fr\/#\/schema\/logo\/image\/\",\"url\":\"https:\/\/citronnature.fr\/wp-content\/uploads\/2025\/04\/Logo-test.jpg\",\"contentUrl\":\"https:\/\/citronnature.fr\/wp-content\/uploads\/2025\/04\/Logo-test.jpg\",\"width\":1093,\"height\":264,\"caption\":\"CITRON NATURE Management de transition\"},\"image\":{\"@id\":\"https:\/\/citronnature.fr\/#\/schema\/logo\/image\/\"}}]}<\/script>\n<!-- \/ Yoast SEO plugin. -->","yoast_head_json":{"title":"M\u00e9c\u00e9nat - CITRON NATURE Management de transition","robots":{"index":"index","follow":"follow","max-snippet":"max-snippet:-1","max-image-preview":"max-image-preview:large","max-video-preview":"max-video-preview:-1"},"canonical":"https:\/\/citronnature.fr\/index.php\/news\/","og_locale":"fr_FR","og_type":"article","og_title":"M\u00e9c\u00e9nat - CITRON NATURE Management de transition","og_description":"Depuis 2019, CITRON NATURE Management de Transition soutient le d\u00e9veloppement de la culture en milieu rural en aidant l&rsquo;Association ECOUTEZ VOIR.Puisqu&rsquo;il y a peu d&rsquo;offre culturelle dans les villages, cette association permet de regrouper les amateurs \u00ab\u00a0les uns chez les autres\u00a0\u00bb, autour de spectacles \u00e0 la maison : concerts, th\u00e9\u00e2tre, contes, arts du cirque, conf\u00e9rences, [&hellip;]","og_url":"https:\/\/citronnature.fr\/index.php\/news\/","og_site_name":"CITRON NATURE Management de transition","article_modified_time":"2025-05-02T12:18:35+00:00","og_image":[{"url":"https:\/\/citronnature.fr\/wp-content\/uploads\/2025\/03\/Bandeau-mecenat-1024x216.jpg","type":"","width":"","height":""}],"twitter_card":"summary_large_image","twitter_misc":{"Dur\u00e9e de lecture estim\u00e9e":"1 minute"},"schema":{"@context":"https:\/\/schema.org","@graph":[{"@type":"WebPage","@id":"https:\/\/citronnature.fr\/index.php\/news\/","url":"https:\/\/citronnature.fr\/index.php\/news\/","name":"M\u00e9c\u00e9nat - CITRON NATURE Management de transition","isPartOf":{"@id":"https:\/\/citronnature.fr\/#website"},"primaryImageOfPage":{"@id":"https:\/\/citronnature.fr\/index.php\/news\/#primaryimage"},"image":{"@id":"https:\/\/citronnature.fr\/index.php\/news\/#primaryimage"},"thumbnailUrl":"https:\/\/citronnature.fr\/wp-content\/uploads\/2025\/03\/Bandeau-mecenat-1024x216.jpg","datePublished":"2018-06-29T13:18:52+00:00","dateModified":"2025-05-02T12:18:35+00:00","breadcrumb":{"@id":"https:\/\/citronnature.fr\/index.php\/news\/#breadcrumb"},"inLanguage":"fr-FR","potentialAction":[{"@type":"ReadAction","target":["https:\/\/citronnature.fr\/index.php\/news\/"]}]},{"@type":"ImageObject","inLanguage":"fr-FR","@id":"https:\/\/citronnature.fr\/index.php\/news\/#primaryimage","url":"https:\/\/citronnature.fr\/wp-content\/uploads\/2025\/03\/Bandeau-mecenat-scaled.jpg","contentUrl":"https:\/\/citronnature.fr\/wp-content\/uploads\/2025\/03\/Bandeau-mecenat-scaled.jpg","width":2560,"height":540},{"@type":"BreadcrumbList","@id":"https:\/\/citronnature.fr\/index.php\/news\/#breadcrumb","itemListElement":[{"@type":"ListItem","position":1,"name":"Accueil","item":"https:\/\/citronnature.fr\/"},{"@type":"ListItem","position":2,"name":"M\u00e9c\u00e9nat"}]},{"@type":"WebSite","@id":"https:\/\/citronnature.fr\/#website","url":"https:\/\/citronnature.fr\/","name":"CITRON NATURE Management de transition","description":"","publisher":{"@id":"https:\/\/citronnature.fr\/#organization"},"potentialAction":[{"@type":"SearchAction","target":{"@type":"EntryPoint","urlTemplate":"https:\/\/citronnature.fr\/?s={search_term_string}"},"query-input":{"@type":"PropertyValueSpecification","valueRequired":true,"valueName":"search_term_string"}}],"inLanguage":"fr-FR"},{"@type":"Organization","@id":"https:\/\/citronnature.fr\/#organization","name":"CITRON NATURE Management de transition","url":"https:\/\/citronnature.fr\/","logo":{"@type":"ImageObject","inLanguage":"fr-FR","@id":"https:\/\/citronnature.fr\/#\/schema\/logo\/image\/","url":"https:\/\/citronnature.fr\/wp-content\/uploads\/2025\/04\/Logo-test.jpg","contentUrl":"https:\/\/citronnature.fr\/wp-content\/uploads\/2025\/04\/Logo-test.jpg","width":1093,"height":264,"caption":"CITRON NATURE Management de transition"},"image":{"@id":"https:\/\/citronnature.fr\/#\/schema\/logo\/image\/"}}]}},"_links":{"self":[{"href":"https:\/\/citronnature.fr\/index.php\/wp-json\/wp\/v2\/pages\/224","targetHints":{"allow":["GET"]}}],"collection":[{"href":"https:\/\/citronnature.fr\/index.php\/wp-json\/wp\/v2\/pages"}],"about":[{"href":"https:\/\/citronnature.fr\/index.php\/wp-json\/wp\/v2\/types\/page"}],"author":[{"embeddable":true,"href":"https:\/\/citronnature.fr\/index.php\/wp-json\/wp\/v2\/users\/1"}],"replies":[{"embeddable":true,"href":"https:\/\/citronnature.fr\/index.php\/wp-json\/wp\/v2\/comments?post=224"}],"version-history":[{"count":36,"href":"https:\/\/citronnature.fr\/index.php\/wp-json\/wp\/v2\/pages\/224\/revisions"}],"predecessor-version":[{"id":1526,"href":"https:\/\/citronnature.fr\/index.php\/wp-json\/wp\/v2\/pages\/224\/revisions\/1526"}],"wp:attachment":[{"href":"https:\/\/citronnature.fr\/index.php\/wp-json\/wp\/v2\/media?parent=224"}],"curies":[{"name":"wp","href":"https:\/\/api.w.org\/{rel}","templated":true}]}}