{"id":222,"date":"2018-06-29T15:18:33","date_gmt":"2018-06-29T13:18:33","guid":{"rendered":"http:\/\/citronnature.fr\/?page_id=222"},"modified":"2026-05-15T12:29:25","modified_gmt":"2026-05-15T10:29:25","slug":"presse","status":"publish","type":"page","link":"https:\/\/citronnature.fr\/index.php\/presse\/","title":{"rendered":"Presse"},"content":{"rendered":"\n<figure class=\"wp-block-image size-large\"><img loading=\"lazy\" decoding=\"async\" width=\"1024\" height=\"216\" src=\"https:\/\/citronnature.fr\/wp-content\/uploads\/2018\/07\/Presse-bandeau-1024x216.jpg\" alt=\"\" class=\"wp-image-284\" srcset=\"https:\/\/citronnature.fr\/wp-content\/uploads\/2018\/07\/Presse-bandeau-1024x216.jpg 1024w, https:\/\/citronnature.fr\/wp-content\/uploads\/2018\/07\/Presse-bandeau-300x63.jpg 300w, https:\/\/citronnature.fr\/wp-content\/uploads\/2018\/07\/Presse-bandeau-768x162.jpg 768w\" sizes=\"auto, (max-width: 1024px) 100vw, 1024px\" \/><\/figure>\n\n\n\n<div style=\"height:70px\" aria-hidden=\"true\" class=\"wp-block-spacer\"><\/div>\n\n\n\n<figure class=\"wp-block-image size-full\"><img loading=\"lazy\" decoding=\"async\" width=\"243\" height=\"89\" src=\"https:\/\/citronnature.fr\/wp-content\/uploads\/2025\/11\/Matot-Braine.jpg\" alt=\"\" class=\"wp-image-1769\"\/><\/figure>\n\n\n\n<h2 class=\"wp-block-heading\">Vive le management de transition !<\/h2>\n\n\n\n<p><span style=\"color: #00ccff;\"><a href=\"https:\/\/matot-braine.fr\/au-sommaire\/entreprises\/vive-le-management-de-transition\" target=\"_blank\" rel=\"noreferrer noopener\">Article publi\u00e9 le 31\/10\/25 sur le site Matot Braine<\/a><\/span><\/p>\n\n\n\n<hr class=\"wp-block-separator has-alpha-channel-opacity\"\/>\n\n\n\n<figure class=\"wp-block-image size-full\"><img loading=\"lazy\" decoding=\"async\" width=\"243\" height=\"89\" src=\"https:\/\/citronnature.fr\/wp-content\/uploads\/2026\/05\/Logo-Ardennes-Developpemen-243x89-1.jpg\" alt=\"\" class=\"wp-image-1868\"\/><\/figure>\n\n\n\n<h2 class=\"wp-block-heading\">Management de transition, la Champagne-Ardennes se dote de sa premi\u00e8re \u00ab\u00a0force de frappe\u00a0\u00bb op\u00e9rationnelle<\/h2>\n\n\n\n<p><span style=\"color: #00ccff;\"><a href=\"https:\/\/citronnature.fr\/wp-content\/uploads\/2026\/05\/Version-originale-Blog-Ardennes-developpement-Fevrier-2026.pdf\">Article publi\u00e9 le 22\/03\/26 sur le blog de Ardennes-D\u00e9veloppement<\/a><\/span><\/p>\n\n\n\n<hr class=\"wp-block-separator has-alpha-channel-opacity\"\/>\n\n\n\n<figure class=\"wp-block-image size-full\"><img loading=\"lazy\" decoding=\"async\" width=\"243\" height=\"89\" src=\"https:\/\/citronnature.fr\/wp-content\/uploads\/2026\/05\/Logo-Lunion-243x89-1.jpg\" alt=\"\" class=\"wp-image-1870\"\/><\/figure>\n\n\n\n<h2 class=\"wp-block-heading\">Le premier r\u00e9seau de manager de transition est lanc\u00e9<\/h2>\n\n\n\n<p><span style=\"color: #00ccff;\"><a href=\"https:\/\/citronnature.fr\/wp-content\/uploads\/2026\/05\/Article-union-7-avril-2026.pdf\">Article publi\u00e9 le 07\/04\/26 dans les pages \u00e9co du journal L&rsquo;Union<\/a><\/span><\/p>\n\n\n\n<hr class=\"wp-block-separator has-alpha-channel-opacity\"\/>\n\n\n\n<figure class=\"wp-block-image size-full\"><img loading=\"lazy\" decoding=\"async\" width=\"243\" height=\"89\" src=\"https:\/\/citronnature.fr\/wp-content\/uploads\/2026\/05\/Logo-Ici-Champagne-Ardenne-243x89-1.jpg\" alt=\"\" class=\"wp-image-1869\"\/><\/figure>\n\n\n\n<h2 class=\"wp-block-heading\">Cr\u00e9ation du Collectif des \u00ab\u00a0Managers de Transition en Champagne-Ardennes\u00a0\u00bb<\/h2>\n\n\n\n<p><span style=\"color: #00ccff;\">Emission \u00ab\u00a0L&rsquo;Eco d&rsquo;ICI\u00a0\u00bb sur Ici Champagne-Ardenne<\/span> (\u00e0 venir)<\/p>\n\n\n\n<p><\/p>\n","protected":false},"excerpt":{"rendered":"<p>Vive le management de transition ! Article publi\u00e9 le 31\/10\/25 sur le site Matot Braine Management de transition, la Champagne-Ardennes se dote de sa premi\u00e8re \u00ab\u00a0force de frappe\u00a0\u00bb op\u00e9rationnelle Article publi\u00e9 le 22\/03\/26 sur le blog de Ardennes-D\u00e9veloppement Le premier r\u00e9seau de manager de transition est lanc\u00e9 Article publi\u00e9 le 07\/04\/26 dans les pages \u00e9co [&hellip;]<\/p>\n","protected":false},"author":1,"featured_media":0,"parent":0,"menu_order":0,"comment_status":"closed","ping_status":"closed","template":"","meta":{"footnotes":""},"class_list":["post-222","page","type-page","status-publish","hentry"],"yoast_head":"<!-- This site is optimized with the Yoast SEO plugin v25.4 - https:\/\/yoast.com\/wordpress\/plugins\/seo\/ -->\n<title>Presse - CITRON NATURE Management de transition<\/title>\n<meta name=\"robots\" content=\"index, follow, max-snippet:-1, max-image-preview:large, max-video-preview:-1\" \/>\n<link rel=\"canonical\" href=\"https:\/\/citronnature.fr\/index.php\/presse\/\" \/>\n<meta property=\"og:locale\" content=\"fr_FR\" \/>\n<meta property=\"og:type\" content=\"article\" \/>\n<meta property=\"og:title\" content=\"Presse - CITRON NATURE Management de transition\" \/>\n<meta property=\"og:description\" content=\"Vive le management de transition ! Article publi\u00e9 le 31\/10\/25 sur le site Matot Braine Management de transition, la Champagne-Ardennes se dote de sa premi\u00e8re \u00ab\u00a0force de frappe\u00a0\u00bb op\u00e9rationnelle Article publi\u00e9 le 22\/03\/26 sur le blog de Ardennes-D\u00e9veloppement Le premier r\u00e9seau de manager de transition est lanc\u00e9 Article publi\u00e9 le 07\/04\/26 dans les pages \u00e9co [&hellip;]\" \/>\n<meta property=\"og:url\" content=\"https:\/\/citronnature.fr\/index.php\/presse\/\" \/>\n<meta property=\"og:site_name\" content=\"CITRON NATURE Management de transition\" \/>\n<meta property=\"article:modified_time\" content=\"2026-05-15T10:29:25+00:00\" \/>\n<meta property=\"og:image\" content=\"https:\/\/citronnature.fr\/wp-content\/uploads\/2018\/07\/Presse-bandeau.jpg\" \/>\n\t<meta property=\"og:image:width\" content=\"6000\" \/>\n\t<meta property=\"og:image:height\" content=\"1263\" \/>\n\t<meta property=\"og:image:type\" content=\"image\/jpeg\" \/>\n<meta name=\"twitter:card\" content=\"summary_large_image\" \/>\n<meta name=\"twitter:label1\" content=\"Dur\u00e9e de lecture estim\u00e9e\" \/>\n\t<meta name=\"twitter:data1\" content=\"2 minutes\" \/>\n<script type=\"application\/ld+json\" class=\"yoast-schema-graph\">{\"@context\":\"https:\/\/schema.org\",\"@graph\":[{\"@type\":\"WebPage\",\"@id\":\"https:\/\/citronnature.fr\/index.php\/presse\/\",\"url\":\"https:\/\/citronnature.fr\/index.php\/presse\/\",\"name\":\"Presse - CITRON NATURE Management de transition\",\"isPartOf\":{\"@id\":\"https:\/\/citronnature.fr\/#website\"},\"primaryImageOfPage\":{\"@id\":\"https:\/\/citronnature.fr\/index.php\/presse\/#primaryimage\"},\"image\":{\"@id\":\"https:\/\/citronnature.fr\/index.php\/presse\/#primaryimage\"},\"thumbnailUrl\":\"https:\/\/citronnature.fr\/wp-content\/uploads\/2018\/07\/Presse-bandeau-1024x216.jpg\",\"datePublished\":\"2018-06-29T13:18:33+00:00\",\"dateModified\":\"2026-05-15T10:29:25+00:00\",\"breadcrumb\":{\"@id\":\"https:\/\/citronnature.fr\/index.php\/presse\/#breadcrumb\"},\"inLanguage\":\"fr-FR\",\"potentialAction\":[{\"@type\":\"ReadAction\",\"target\":[\"https:\/\/citronnature.fr\/index.php\/presse\/\"]}]},{\"@type\":\"ImageObject\",\"inLanguage\":\"fr-FR\",\"@id\":\"https:\/\/citronnature.fr\/index.php\/presse\/#primaryimage\",\"url\":\"https:\/\/citronnature.fr\/wp-content\/uploads\/2018\/07\/Presse-bandeau.jpg\",\"contentUrl\":\"https:\/\/citronnature.fr\/wp-content\/uploads\/2018\/07\/Presse-bandeau.jpg\",\"width\":6000,\"height\":1263},{\"@type\":\"BreadcrumbList\",\"@id\":\"https:\/\/citronnature.fr\/index.php\/presse\/#breadcrumb\",\"itemListElement\":[{\"@type\":\"ListItem\",\"position\":1,\"name\":\"Accueil\",\"item\":\"https:\/\/citronnature.fr\/\"},{\"@type\":\"ListItem\",\"position\":2,\"name\":\"Presse\"}]},{\"@type\":\"WebSite\",\"@id\":\"https:\/\/citronnature.fr\/#website\",\"url\":\"https:\/\/citronnature.fr\/\",\"name\":\"CITRON NATURE Management de transition\",\"description\":\"\",\"publisher\":{\"@id\":\"https:\/\/citronnature.fr\/#organization\"},\"potentialAction\":[{\"@type\":\"SearchAction\",\"target\":{\"@type\":\"EntryPoint\",\"urlTemplate\":\"https:\/\/citronnature.fr\/?s={search_term_string}\"},\"query-input\":{\"@type\":\"PropertyValueSpecification\",\"valueRequired\":true,\"valueName\":\"search_term_string\"}}],\"inLanguage\":\"fr-FR\"},{\"@type\":\"Organization\",\"@id\":\"https:\/\/citronnature.fr\/#organization\",\"name\":\"CITRON NATURE Management de transition\",\"url\":\"https:\/\/citronnature.fr\/\",\"logo\":{\"@type\":\"ImageObject\",\"inLanguage\":\"fr-FR\",\"@id\":\"https:\/\/citronnature.fr\/#\/schema\/logo\/image\/\",\"url\":\"https:\/\/citronnature.fr\/wp-content\/uploads\/2025\/04\/Logo-test.jpg\",\"contentUrl\":\"https:\/\/citronnature.fr\/wp-content\/uploads\/2025\/04\/Logo-test.jpg\",\"width\":1093,\"height\":264,\"caption\":\"CITRON NATURE Management de transition\"},\"image\":{\"@id\":\"https:\/\/citronnature.fr\/#\/schema\/logo\/image\/\"}}]}<\/script>\n<!-- \/ Yoast SEO plugin. -->","yoast_head_json":{"title":"Presse - CITRON NATURE Management de transition","robots":{"index":"index","follow":"follow","max-snippet":"max-snippet:-1","max-image-preview":"max-image-preview:large","max-video-preview":"max-video-preview:-1"},"canonical":"https:\/\/citronnature.fr\/index.php\/presse\/","og_locale":"fr_FR","og_type":"article","og_title":"Presse - CITRON NATURE Management de transition","og_description":"Vive le management de transition ! Article publi\u00e9 le 31\/10\/25 sur le site Matot Braine Management de transition, la Champagne-Ardennes se dote de sa premi\u00e8re \u00ab\u00a0force de frappe\u00a0\u00bb op\u00e9rationnelle Article publi\u00e9 le 22\/03\/26 sur le blog de Ardennes-D\u00e9veloppement Le premier r\u00e9seau de manager de transition est lanc\u00e9 Article publi\u00e9 le 07\/04\/26 dans les pages \u00e9co [&hellip;]","og_url":"https:\/\/citronnature.fr\/index.php\/presse\/","og_site_name":"CITRON NATURE Management de transition","article_modified_time":"2026-05-15T10:29:25+00:00","og_image":[{"width":6000,"height":1263,"url":"https:\/\/citronnature.fr\/wp-content\/uploads\/2018\/07\/Presse-bandeau.jpg","type":"image\/jpeg"}],"twitter_card":"summary_large_image","twitter_misc":{"Dur\u00e9e de lecture estim\u00e9e":"2 minutes"},"schema":{"@context":"https:\/\/schema.org","@graph":[{"@type":"WebPage","@id":"https:\/\/citronnature.fr\/index.php\/presse\/","url":"https:\/\/citronnature.fr\/index.php\/presse\/","name":"Presse - CITRON NATURE Management de transition","isPartOf":{"@id":"https:\/\/citronnature.fr\/#website"},"primaryImageOfPage":{"@id":"https:\/\/citronnature.fr\/index.php\/presse\/#primaryimage"},"image":{"@id":"https:\/\/citronnature.fr\/index.php\/presse\/#primaryimage"},"thumbnailUrl":"https:\/\/citronnature.fr\/wp-content\/uploads\/2018\/07\/Presse-bandeau-1024x216.jpg","datePublished":"2018-06-29T13:18:33+00:00","dateModified":"2026-05-15T10:29:25+00:00","breadcrumb":{"@id":"https:\/\/citronnature.fr\/index.php\/presse\/#breadcrumb"},"inLanguage":"fr-FR","potentialAction":[{"@type":"ReadAction","target":["https:\/\/citronnature.fr\/index.php\/presse\/"]}]},{"@type":"ImageObject","inLanguage":"fr-FR","@id":"https:\/\/citronnature.fr\/index.php\/presse\/#primaryimage","url":"https:\/\/citronnature.fr\/wp-content\/uploads\/2018\/07\/Presse-bandeau.jpg","contentUrl":"https:\/\/citronnature.fr\/wp-content\/uploads\/2018\/07\/Presse-bandeau.jpg","width":6000,"height":1263},{"@type":"BreadcrumbList","@id":"https:\/\/citronnature.fr\/index.php\/presse\/#breadcrumb","itemListElement":[{"@type":"ListItem","position":1,"name":"Accueil","item":"https:\/\/citronnature.fr\/"},{"@type":"ListItem","position":2,"name":"Presse"}]},{"@type":"WebSite","@id":"https:\/\/citronnature.fr\/#website","url":"https:\/\/citronnature.fr\/","name":"CITRON NATURE Management de transition","description":"","publisher":{"@id":"https:\/\/citronnature.fr\/#organization"},"potentialAction":[{"@type":"SearchAction","target":{"@type":"EntryPoint","urlTemplate":"https:\/\/citronnature.fr\/?s={search_term_string}"},"query-input":{"@type":"PropertyValueSpecification","valueRequired":true,"valueName":"search_term_string"}}],"inLanguage":"fr-FR"},{"@type":"Organization","@id":"https:\/\/citronnature.fr\/#organization","name":"CITRON NATURE Management de transition","url":"https:\/\/citronnature.fr\/","logo":{"@type":"ImageObject","inLanguage":"fr-FR","@id":"https:\/\/citronnature.fr\/#\/schema\/logo\/image\/","url":"https:\/\/citronnature.fr\/wp-content\/uploads\/2025\/04\/Logo-test.jpg","contentUrl":"https:\/\/citronnature.fr\/wp-content\/uploads\/2025\/04\/Logo-test.jpg","width":1093,"height":264,"caption":"CITRON NATURE Management de transition"},"image":{"@id":"https:\/\/citronnature.fr\/#\/schema\/logo\/image\/"}}]}},"_links":{"self":[{"href":"https:\/\/citronnature.fr\/index.php\/wp-json\/wp\/v2\/pages\/222","targetHints":{"allow":["GET"]}}],"collection":[{"href":"https:\/\/citronnature.fr\/index.php\/wp-json\/wp\/v2\/pages"}],"about":[{"href":"https:\/\/citronnature.fr\/index.php\/wp-json\/wp\/v2\/types\/page"}],"author":[{"embeddable":true,"href":"https:\/\/citronnature.fr\/index.php\/wp-json\/wp\/v2\/users\/1"}],"replies":[{"embeddable":true,"href":"https:\/\/citronnature.fr\/index.php\/wp-json\/wp\/v2\/comments?post=222"}],"version-history":[{"count":24,"href":"https:\/\/citronnature.fr\/index.php\/wp-json\/wp\/v2\/pages\/222\/revisions"}],"predecessor-version":[{"id":1878,"href":"https:\/\/citronnature.fr\/index.php\/wp-json\/wp\/v2\/pages\/222\/revisions\/1878"}],"wp:attachment":[{"href":"https:\/\/citronnature.fr\/index.php\/wp-json\/wp\/v2\/media?parent=222"}],"curies":[{"name":"wp","href":"https:\/\/api.w.org\/{rel}","templated":true}]}}