{"id":1820,"date":"2026-02-23T15:31:19","date_gmt":"2026-02-23T14:31:19","guid":{"rendered":"https:\/\/citronnature.fr\/?page_id=1820"},"modified":"2026-02-25T14:01:58","modified_gmt":"2026-02-25T13:01:58","slug":"anne-lise-mouret","status":"publish","type":"page","link":"https:\/\/citronnature.fr\/index.php\/anne-lise-mouret\/","title":{"rendered":"Anne Lise MOURET"},"content":{"rendered":"<div class=\"wp-block-image\">\n<figure class=\"alignleft size-full is-resized\"><img loading=\"lazy\" decoding=\"async\" width=\"374\" height=\"500\" src=\"https:\/\/citronnature.fr\/wp-content\/uploads\/2026\/02\/Anne-Lise-MOURET-374x500-1.jpg\" alt=\"\" class=\"wp-image-1777\" style=\"width:300px\" srcset=\"https:\/\/citronnature.fr\/wp-content\/uploads\/2026\/02\/Anne-Lise-MOURET-374x500-1.jpg 374w, https:\/\/citronnature.fr\/wp-content\/uploads\/2026\/02\/Anne-Lise-MOURET-374x500-1-224x300.jpg 224w\" sizes=\"auto, (max-width: 374px) 100vw, 374px\" \/><\/figure><\/div>\n\n\n<div style=\"height:70px\" aria-hidden=\"true\" class=\"wp-block-spacer\"><\/div>\n\n\n\n<h2 class=\"wp-block-heading\">Manager de transition, Manager relais, Direction<\/h2>\n\n\n\n<div style=\"height:30px\" aria-hidden=\"true\" class=\"wp-block-spacer\"><\/div>\n\n\n\n<p>\u00ab&nbsp;Je mets mon leadership et mon analyse aux services de vos structures en transformation pour accro\u00eetre votre qualit\u00e9 de service et comp\u00e9titivit\u00e9.&nbsp;\u00bb<\/p>\n\n\n\n<p><strong><mark style=\"background-color:rgba(0, 0, 0, 0)\" class=\"has-inline-color has-vivid-cyan-blue-color\">Domaines d\u2019expertise<\/mark><\/strong><\/p>\n\n\n\n<ul class=\"wp-block-list\">\n<li>Conduite de changement<\/li>\n\n\n\n<li>Organisation ou r\u00e9organisation de service<\/li>\n\n\n\n<li>Gestion de crise<\/li>\n\n\n\n<li>Management d\u2019\u00e9quipe<\/li>\n\n\n\n<li>Qualit\u00e9 de vie au travail<\/li>\n\n\n\n<li>Secteur&nbsp;: ESMS, collectivit\u00e9s, tertiaire<\/li>\n<\/ul>\n\n\n\n<p><strong><mark style=\"background-color:rgba(0, 0, 0, 0)\" class=\"has-inline-color has-vivid-cyan-blue-color\">ADN &amp; posture<\/mark><\/strong><\/p>\n\n\n\n<ul class=\"wp-block-list\">\n<li>Leadership de crise<\/li>\n\n\n\n<li>Bienveillance<\/li>\n\n\n\n<li>Qualit\u00e9 de Vie au Travail<\/li>\n\n\n\n<li>Esprit d\u2019analyse et de synth\u00e8se<\/li>\n<\/ul>\n\n\n\n<p>\u00ab&nbsp;Ma force r\u00e9side dans mon engagement et mon \u00e9thique aupr\u00e8s des organisations et des \u00e9quipes pour leurs permettre d\u2019appr\u00e9hender leurs transitions dans les meilleures conditions possibles.&nbsp;\u00bb<\/p>\n\n\n\n<p><\/p>\n","protected":false},"excerpt":{"rendered":"<p>Manager de transition, Manager relais, Direction \u00ab&nbsp;Je mets mon leadership et mon analyse aux services de vos structures en transformation pour accro\u00eetre votre qualit\u00e9 de service et comp\u00e9titivit\u00e9.&nbsp;\u00bb Domaines d\u2019expertise ADN &amp; posture \u00ab&nbsp;Ma force r\u00e9side dans mon engagement et mon \u00e9thique aupr\u00e8s des organisations et des \u00e9quipes pour leurs permettre d\u2019appr\u00e9hender leurs transitions dans [&hellip;]<\/p>\n","protected":false},"author":1,"featured_media":0,"parent":0,"menu_order":0,"comment_status":"closed","ping_status":"closed","template":"","meta":{"footnotes":""},"class_list":["post-1820","page","type-page","status-publish","hentry"],"yoast_head":"<!-- This site is optimized with the Yoast SEO plugin v25.4 - https:\/\/yoast.com\/wordpress\/plugins\/seo\/ -->\n<title>Anne Lise MOURET - CITRON NATURE Management de transition<\/title>\n<meta name=\"robots\" content=\"index, follow, max-snippet:-1, max-image-preview:large, max-video-preview:-1\" \/>\n<link rel=\"canonical\" href=\"https:\/\/citronnature.fr\/index.php\/anne-lise-mouret\/\" \/>\n<meta property=\"og:locale\" content=\"fr_FR\" \/>\n<meta property=\"og:type\" content=\"article\" \/>\n<meta property=\"og:title\" content=\"Anne Lise MOURET - CITRON NATURE Management de transition\" \/>\n<meta property=\"og:description\" content=\"Manager de transition, Manager relais, Direction \u00ab&nbsp;Je mets mon leadership et mon analyse aux services de vos structures en transformation pour accro\u00eetre votre qualit\u00e9 de service et comp\u00e9titivit\u00e9.&nbsp;\u00bb Domaines d\u2019expertise ADN &amp; posture \u00ab&nbsp;Ma force r\u00e9side dans mon engagement et mon \u00e9thique aupr\u00e8s des organisations et des \u00e9quipes pour leurs permettre d\u2019appr\u00e9hender leurs transitions dans [&hellip;]\" \/>\n<meta property=\"og:url\" content=\"https:\/\/citronnature.fr\/index.php\/anne-lise-mouret\/\" \/>\n<meta property=\"og:site_name\" content=\"CITRON NATURE Management de transition\" \/>\n<meta property=\"article:modified_time\" content=\"2026-02-25T13:01:58+00:00\" \/>\n<meta property=\"og:image\" content=\"https:\/\/citronnature.fr\/wp-content\/uploads\/2026\/02\/Anne-Lise-MOURET-374x500-1.jpg\" \/>\n\t<meta property=\"og:image:width\" content=\"374\" \/>\n\t<meta property=\"og:image:height\" content=\"500\" \/>\n\t<meta property=\"og:image:type\" content=\"image\/jpeg\" \/>\n<meta name=\"twitter:card\" content=\"summary_large_image\" \/>\n<meta name=\"twitter:label1\" content=\"Dur\u00e9e de lecture estim\u00e9e\" \/>\n\t<meta name=\"twitter:data1\" content=\"1 minute\" \/>\n<script type=\"application\/ld+json\" class=\"yoast-schema-graph\">{\"@context\":\"https:\/\/schema.org\",\"@graph\":[{\"@type\":\"WebPage\",\"@id\":\"https:\/\/citronnature.fr\/index.php\/anne-lise-mouret\/\",\"url\":\"https:\/\/citronnature.fr\/index.php\/anne-lise-mouret\/\",\"name\":\"Anne Lise MOURET - CITRON NATURE Management de transition\",\"isPartOf\":{\"@id\":\"https:\/\/citronnature.fr\/#website\"},\"primaryImageOfPage\":{\"@id\":\"https:\/\/citronnature.fr\/index.php\/anne-lise-mouret\/#primaryimage\"},\"image\":{\"@id\":\"https:\/\/citronnature.fr\/index.php\/anne-lise-mouret\/#primaryimage\"},\"thumbnailUrl\":\"https:\/\/citronnature.fr\/wp-content\/uploads\/2026\/02\/Anne-Lise-MOURET-374x500-1.jpg\",\"datePublished\":\"2026-02-23T14:31:19+00:00\",\"dateModified\":\"2026-02-25T13:01:58+00:00\",\"breadcrumb\":{\"@id\":\"https:\/\/citronnature.fr\/index.php\/anne-lise-mouret\/#breadcrumb\"},\"inLanguage\":\"fr-FR\",\"potentialAction\":[{\"@type\":\"ReadAction\",\"target\":[\"https:\/\/citronnature.fr\/index.php\/anne-lise-mouret\/\"]}]},{\"@type\":\"ImageObject\",\"inLanguage\":\"fr-FR\",\"@id\":\"https:\/\/citronnature.fr\/index.php\/anne-lise-mouret\/#primaryimage\",\"url\":\"https:\/\/citronnature.fr\/wp-content\/uploads\/2026\/02\/Anne-Lise-MOURET-374x500-1.jpg\",\"contentUrl\":\"https:\/\/citronnature.fr\/wp-content\/uploads\/2026\/02\/Anne-Lise-MOURET-374x500-1.jpg\",\"width\":374,\"height\":500},{\"@type\":\"BreadcrumbList\",\"@id\":\"https:\/\/citronnature.fr\/index.php\/anne-lise-mouret\/#breadcrumb\",\"itemListElement\":[{\"@type\":\"ListItem\",\"position\":1,\"name\":\"Accueil\",\"item\":\"https:\/\/citronnature.fr\/\"},{\"@type\":\"ListItem\",\"position\":2,\"name\":\"Anne Lise MOURET\"}]},{\"@type\":\"WebSite\",\"@id\":\"https:\/\/citronnature.fr\/#website\",\"url\":\"https:\/\/citronnature.fr\/\",\"name\":\"CITRON NATURE Management de transition\",\"description\":\"\",\"publisher\":{\"@id\":\"https:\/\/citronnature.fr\/#organization\"},\"potentialAction\":[{\"@type\":\"SearchAction\",\"target\":{\"@type\":\"EntryPoint\",\"urlTemplate\":\"https:\/\/citronnature.fr\/?s={search_term_string}\"},\"query-input\":{\"@type\":\"PropertyValueSpecification\",\"valueRequired\":true,\"valueName\":\"search_term_string\"}}],\"inLanguage\":\"fr-FR\"},{\"@type\":\"Organization\",\"@id\":\"https:\/\/citronnature.fr\/#organization\",\"name\":\"CITRON NATURE Management de transition\",\"url\":\"https:\/\/citronnature.fr\/\",\"logo\":{\"@type\":\"ImageObject\",\"inLanguage\":\"fr-FR\",\"@id\":\"https:\/\/citronnature.fr\/#\/schema\/logo\/image\/\",\"url\":\"https:\/\/citronnature.fr\/wp-content\/uploads\/2025\/04\/Logo-test.jpg\",\"contentUrl\":\"https:\/\/citronnature.fr\/wp-content\/uploads\/2025\/04\/Logo-test.jpg\",\"width\":1093,\"height\":264,\"caption\":\"CITRON NATURE Management de transition\"},\"image\":{\"@id\":\"https:\/\/citronnature.fr\/#\/schema\/logo\/image\/\"}}]}<\/script>\n<!-- \/ Yoast SEO plugin. -->","yoast_head_json":{"title":"Anne Lise MOURET - CITRON NATURE Management de transition","robots":{"index":"index","follow":"follow","max-snippet":"max-snippet:-1","max-image-preview":"max-image-preview:large","max-video-preview":"max-video-preview:-1"},"canonical":"https:\/\/citronnature.fr\/index.php\/anne-lise-mouret\/","og_locale":"fr_FR","og_type":"article","og_title":"Anne Lise MOURET - CITRON NATURE Management de transition","og_description":"Manager de transition, Manager relais, Direction \u00ab&nbsp;Je mets mon leadership et mon analyse aux services de vos structures en transformation pour accro\u00eetre votre qualit\u00e9 de service et comp\u00e9titivit\u00e9.&nbsp;\u00bb Domaines d\u2019expertise ADN &amp; posture \u00ab&nbsp;Ma force r\u00e9side dans mon engagement et mon \u00e9thique aupr\u00e8s des organisations et des \u00e9quipes pour leurs permettre d\u2019appr\u00e9hender leurs transitions dans [&hellip;]","og_url":"https:\/\/citronnature.fr\/index.php\/anne-lise-mouret\/","og_site_name":"CITRON NATURE Management de transition","article_modified_time":"2026-02-25T13:01:58+00:00","og_image":[{"width":374,"height":500,"url":"https:\/\/citronnature.fr\/wp-content\/uploads\/2026\/02\/Anne-Lise-MOURET-374x500-1.jpg","type":"image\/jpeg"}],"twitter_card":"summary_large_image","twitter_misc":{"Dur\u00e9e de lecture estim\u00e9e":"1 minute"},"schema":{"@context":"https:\/\/schema.org","@graph":[{"@type":"WebPage","@id":"https:\/\/citronnature.fr\/index.php\/anne-lise-mouret\/","url":"https:\/\/citronnature.fr\/index.php\/anne-lise-mouret\/","name":"Anne Lise MOURET - CITRON NATURE Management de transition","isPartOf":{"@id":"https:\/\/citronnature.fr\/#website"},"primaryImageOfPage":{"@id":"https:\/\/citronnature.fr\/index.php\/anne-lise-mouret\/#primaryimage"},"image":{"@id":"https:\/\/citronnature.fr\/index.php\/anne-lise-mouret\/#primaryimage"},"thumbnailUrl":"https:\/\/citronnature.fr\/wp-content\/uploads\/2026\/02\/Anne-Lise-MOURET-374x500-1.jpg","datePublished":"2026-02-23T14:31:19+00:00","dateModified":"2026-02-25T13:01:58+00:00","breadcrumb":{"@id":"https:\/\/citronnature.fr\/index.php\/anne-lise-mouret\/#breadcrumb"},"inLanguage":"fr-FR","potentialAction":[{"@type":"ReadAction","target":["https:\/\/citronnature.fr\/index.php\/anne-lise-mouret\/"]}]},{"@type":"ImageObject","inLanguage":"fr-FR","@id":"https:\/\/citronnature.fr\/index.php\/anne-lise-mouret\/#primaryimage","url":"https:\/\/citronnature.fr\/wp-content\/uploads\/2026\/02\/Anne-Lise-MOURET-374x500-1.jpg","contentUrl":"https:\/\/citronnature.fr\/wp-content\/uploads\/2026\/02\/Anne-Lise-MOURET-374x500-1.jpg","width":374,"height":500},{"@type":"BreadcrumbList","@id":"https:\/\/citronnature.fr\/index.php\/anne-lise-mouret\/#breadcrumb","itemListElement":[{"@type":"ListItem","position":1,"name":"Accueil","item":"https:\/\/citronnature.fr\/"},{"@type":"ListItem","position":2,"name":"Anne Lise MOURET"}]},{"@type":"WebSite","@id":"https:\/\/citronnature.fr\/#website","url":"https:\/\/citronnature.fr\/","name":"CITRON NATURE Management de transition","description":"","publisher":{"@id":"https:\/\/citronnature.fr\/#organization"},"potentialAction":[{"@type":"SearchAction","target":{"@type":"EntryPoint","urlTemplate":"https:\/\/citronnature.fr\/?s={search_term_string}"},"query-input":{"@type":"PropertyValueSpecification","valueRequired":true,"valueName":"search_term_string"}}],"inLanguage":"fr-FR"},{"@type":"Organization","@id":"https:\/\/citronnature.fr\/#organization","name":"CITRON NATURE Management de transition","url":"https:\/\/citronnature.fr\/","logo":{"@type":"ImageObject","inLanguage":"fr-FR","@id":"https:\/\/citronnature.fr\/#\/schema\/logo\/image\/","url":"https:\/\/citronnature.fr\/wp-content\/uploads\/2025\/04\/Logo-test.jpg","contentUrl":"https:\/\/citronnature.fr\/wp-content\/uploads\/2025\/04\/Logo-test.jpg","width":1093,"height":264,"caption":"CITRON NATURE Management de transition"},"image":{"@id":"https:\/\/citronnature.fr\/#\/schema\/logo\/image\/"}}]}},"_links":{"self":[{"href":"https:\/\/citronnature.fr\/index.php\/wp-json\/wp\/v2\/pages\/1820","targetHints":{"allow":["GET"]}}],"collection":[{"href":"https:\/\/citronnature.fr\/index.php\/wp-json\/wp\/v2\/pages"}],"about":[{"href":"https:\/\/citronnature.fr\/index.php\/wp-json\/wp\/v2\/types\/page"}],"author":[{"embeddable":true,"href":"https:\/\/citronnature.fr\/index.php\/wp-json\/wp\/v2\/users\/1"}],"replies":[{"embeddable":true,"href":"https:\/\/citronnature.fr\/index.php\/wp-json\/wp\/v2\/comments?post=1820"}],"version-history":[{"count":2,"href":"https:\/\/citronnature.fr\/index.php\/wp-json\/wp\/v2\/pages\/1820\/revisions"}],"predecessor-version":[{"id":1853,"href":"https:\/\/citronnature.fr\/index.php\/wp-json\/wp\/v2\/pages\/1820\/revisions\/1853"}],"wp:attachment":[{"href":"https:\/\/citronnature.fr\/index.php\/wp-json\/wp\/v2\/media?parent=1820"}],"curies":[{"name":"wp","href":"https:\/\/api.w.org\/{rel}","templated":true}]}}