{"id":1809,"date":"2026-02-23T15:32:03","date_gmt":"2026-02-23T14:32:03","guid":{"rendered":"https:\/\/citronnature.fr\/?page_id=1809"},"modified":"2026-02-25T14:04:02","modified_gmt":"2026-02-25T13:04:02","slug":"isabelle-favory","status":"publish","type":"page","link":"https:\/\/citronnature.fr\/index.php\/isabelle-favory\/","title":{"rendered":"Isabelle FAVORY"},"content":{"rendered":"<div class=\"wp-block-image\">\n<figure class=\"alignleft size-full is-resized\"><img loading=\"lazy\" decoding=\"async\" width=\"374\" height=\"500\" src=\"https:\/\/citronnature.fr\/wp-content\/uploads\/2026\/02\/Isabelle-FAVORY-374x500-1.jpg\" alt=\"\" class=\"wp-image-1779\" style=\"width:300px\" srcset=\"https:\/\/citronnature.fr\/wp-content\/uploads\/2026\/02\/Isabelle-FAVORY-374x500-1.jpg 374w, https:\/\/citronnature.fr\/wp-content\/uploads\/2026\/02\/Isabelle-FAVORY-374x500-1-224x300.jpg 224w\" sizes=\"auto, (max-width: 374px) 100vw, 374px\" \/><\/figure><\/div>\n\n\n<div style=\"height:70px\" aria-hidden=\"true\" class=\"wp-block-spacer\"><\/div>\n\n\n\n<h2 class=\"wp-block-heading\">Direction Supply Chain \u2013 Logistique &amp; Transport \u2013 Relation Clients<\/h2>\n\n\n\n<div style=\"height:30px\" aria-hidden=\"true\" class=\"wp-block-spacer\"><\/div>\n\n\n\n<p><strong><mark style=\"background-color:rgba(0, 0, 0, 0)\" class=\"has-inline-color has-vivid-cyan-blue-color\">Ancrage Territorial<\/mark><\/strong><\/p>\n\n\n\n<p>Grand Est (51\/08\/02)<br>Mobilit\u00e9 nationale &#8211; environnements multi-sites France et Europe<\/p>\n\n\n\n<p><strong><mark style=\"background-color:rgba(0, 0, 0, 0)\" class=\"has-inline-color has-vivid-cyan-blue-color\">Fonctions Cl\u00e9s<\/mark><\/strong><\/p>\n\n\n\n<p>Direction Supply Chain \u00b7 Logistique &amp; Transport \u00b7 Gestion de Projets \u00b7 Management de la Performance \u00b7 Relation Clients \u00b7 Transformation des Organisations<\/p>\n\n\n\n<p><strong><mark style=\"background-color:rgba(0, 0, 0, 0)\" class=\"has-inline-color has-vivid-cyan-blue-color\">Super-Pouvoir<\/mark><\/strong><\/p>\n\n\n\n<ul class=\"wp-block-list\">\n<li>Leadership pragmatique et bienveillant<\/li>\n\n\n\n<li>Capacit\u00e9 \u00e0 f\u00e9d\u00e9rer des \u00e9quipes pluridisciplinaires, y compris en contexte de tension (service client d\u00e9grad\u00e9, r\u00e9organisation, transformation), tout en restaurant la confiance, le sens et l\u2019engagement collectif.<\/li>\n\n\n\n<li>L\u2019important, ce n\u2019est pas seulement d\u2019atteindre les r\u00e9sultats, c\u2019est la mani\u00e8re dont on y arrive \u2013 avec les \u00e9quipes.<\/li>\n<\/ul>\n\n\n\n<p><strong><mark style=\"background-color:rgba(0, 0, 0, 0)\" class=\"has-inline-color has-vivid-cyan-blue-color\">Ce que j\u2019apporte concr\u00e8tement aux entreprises<\/mark><\/strong><\/p>\n\n\n\n<ul class=\"wp-block-list\">\n<li>Redressement rapide du taux de service clients (ex : 80 % \u2192 97 %)<\/li>\n\n\n\n<li>Optimisation des capacit\u00e9s industrielles et logistiques<\/li>\n\n\n\n<li>R\u00e9duction des stocks et des co\u00fbts op\u00e9rationnels<\/li>\n\n\n\n<li>Structuration de la Supply Chain de bout en bout (PIC, TMS, capacity management)<\/li>\n\n\n\n<li>Pilotage de projets complexes<\/li>\n\n\n\n<li>Management et mont\u00e9e en comp\u00e9tences des \u00e9quipes (jusqu\u2019\u00e0 40 personnes)<\/li>\n\n\n\n<li>Int\u00e9gration des enjeux RSE et d\u00e9carbonation transport (Fret 21)<\/li>\n<\/ul>\n\n\n\n<p><strong><mark style=\"background-color:rgba(0, 0, 0, 0)\" class=\"has-inline-color has-vivid-cyan-blue-color\">Environnements &amp; contextes ma\u00eetris\u00e9s<\/mark><\/strong><\/p>\n\n\n\n<ul class=\"wp-block-list\">\n<li>Groupes industriels internationaux<\/li>\n\n\n\n<li>PME<\/li>\n\n\n\n<li>Multi-sites \/ multi-pays<\/li>\n\n\n\n<li>Forte exigence client &amp; omnicanalit\u00e9<\/li>\n\n\n\n<li>Contextes de transformation, harmonisation ou am\u00e9lioration continue Interfaces production \u2013 commerce \u2013 logistique \u2013 finance<\/li>\n<\/ul>\n","protected":false},"excerpt":{"rendered":"<p>Direction Supply Chain \u2013 Logistique &amp; Transport \u2013 Relation Clients Ancrage Territorial Grand Est (51\/08\/02)Mobilit\u00e9 nationale &#8211; environnements multi-sites France et Europe Fonctions Cl\u00e9s Direction Supply Chain \u00b7 Logistique &amp; Transport \u00b7 Gestion de Projets \u00b7 Management de la Performance \u00b7 Relation Clients \u00b7 Transformation des Organisations Super-Pouvoir Ce que j\u2019apporte concr\u00e8tement aux entreprises Environnements [&hellip;]<\/p>\n","protected":false},"author":1,"featured_media":0,"parent":0,"menu_order":0,"comment_status":"closed","ping_status":"closed","template":"","meta":{"footnotes":""},"class_list":["post-1809","page","type-page","status-publish","hentry"],"yoast_head":"<!-- This site is optimized with the Yoast SEO plugin v25.4 - https:\/\/yoast.com\/wordpress\/plugins\/seo\/ -->\n<title>Isabelle FAVORY - CITRON NATURE Management de transition<\/title>\n<meta name=\"robots\" content=\"index, follow, max-snippet:-1, max-image-preview:large, max-video-preview:-1\" \/>\n<link rel=\"canonical\" href=\"https:\/\/citronnature.fr\/index.php\/isabelle-favory\/\" \/>\n<meta property=\"og:locale\" content=\"fr_FR\" \/>\n<meta property=\"og:type\" content=\"article\" \/>\n<meta property=\"og:title\" content=\"Isabelle FAVORY - CITRON NATURE Management de transition\" \/>\n<meta property=\"og:description\" content=\"Direction Supply Chain \u2013 Logistique &amp; Transport \u2013 Relation Clients Ancrage Territorial Grand Est (51\/08\/02)Mobilit\u00e9 nationale &#8211; environnements multi-sites France et Europe Fonctions Cl\u00e9s Direction Supply Chain \u00b7 Logistique &amp; Transport \u00b7 Gestion de Projets \u00b7 Management de la Performance \u00b7 Relation Clients \u00b7 Transformation des Organisations Super-Pouvoir Ce que j\u2019apporte concr\u00e8tement aux entreprises Environnements [&hellip;]\" \/>\n<meta property=\"og:url\" content=\"https:\/\/citronnature.fr\/index.php\/isabelle-favory\/\" \/>\n<meta property=\"og:site_name\" content=\"CITRON NATURE Management de transition\" \/>\n<meta property=\"article:modified_time\" content=\"2026-02-25T13:04:02+00:00\" \/>\n<meta property=\"og:image\" content=\"https:\/\/citronnature.fr\/wp-content\/uploads\/2026\/02\/Isabelle-FAVORY-374x500-1.jpg\" \/>\n\t<meta property=\"og:image:width\" content=\"374\" \/>\n\t<meta property=\"og:image:height\" content=\"500\" \/>\n\t<meta property=\"og:image:type\" content=\"image\/jpeg\" \/>\n<meta name=\"twitter:card\" content=\"summary_large_image\" \/>\n<meta name=\"twitter:label1\" content=\"Dur\u00e9e de lecture estim\u00e9e\" \/>\n\t<meta name=\"twitter:data1\" content=\"2 minutes\" \/>\n<script type=\"application\/ld+json\" class=\"yoast-schema-graph\">{\"@context\":\"https:\/\/schema.org\",\"@graph\":[{\"@type\":\"WebPage\",\"@id\":\"https:\/\/citronnature.fr\/index.php\/isabelle-favory\/\",\"url\":\"https:\/\/citronnature.fr\/index.php\/isabelle-favory\/\",\"name\":\"Isabelle FAVORY - CITRON NATURE Management de transition\",\"isPartOf\":{\"@id\":\"https:\/\/citronnature.fr\/#website\"},\"primaryImageOfPage\":{\"@id\":\"https:\/\/citronnature.fr\/index.php\/isabelle-favory\/#primaryimage\"},\"image\":{\"@id\":\"https:\/\/citronnature.fr\/index.php\/isabelle-favory\/#primaryimage\"},\"thumbnailUrl\":\"https:\/\/citronnature.fr\/wp-content\/uploads\/2026\/02\/Isabelle-FAVORY-374x500-1.jpg\",\"datePublished\":\"2026-02-23T14:32:03+00:00\",\"dateModified\":\"2026-02-25T13:04:02+00:00\",\"breadcrumb\":{\"@id\":\"https:\/\/citronnature.fr\/index.php\/isabelle-favory\/#breadcrumb\"},\"inLanguage\":\"fr-FR\",\"potentialAction\":[{\"@type\":\"ReadAction\",\"target\":[\"https:\/\/citronnature.fr\/index.php\/isabelle-favory\/\"]}]},{\"@type\":\"ImageObject\",\"inLanguage\":\"fr-FR\",\"@id\":\"https:\/\/citronnature.fr\/index.php\/isabelle-favory\/#primaryimage\",\"url\":\"https:\/\/citronnature.fr\/wp-content\/uploads\/2026\/02\/Isabelle-FAVORY-374x500-1.jpg\",\"contentUrl\":\"https:\/\/citronnature.fr\/wp-content\/uploads\/2026\/02\/Isabelle-FAVORY-374x500-1.jpg\",\"width\":374,\"height\":500},{\"@type\":\"BreadcrumbList\",\"@id\":\"https:\/\/citronnature.fr\/index.php\/isabelle-favory\/#breadcrumb\",\"itemListElement\":[{\"@type\":\"ListItem\",\"position\":1,\"name\":\"Accueil\",\"item\":\"https:\/\/citronnature.fr\/\"},{\"@type\":\"ListItem\",\"position\":2,\"name\":\"Isabelle FAVORY\"}]},{\"@type\":\"WebSite\",\"@id\":\"https:\/\/citronnature.fr\/#website\",\"url\":\"https:\/\/citronnature.fr\/\",\"name\":\"CITRON NATURE Management de transition\",\"description\":\"\",\"publisher\":{\"@id\":\"https:\/\/citronnature.fr\/#organization\"},\"potentialAction\":[{\"@type\":\"SearchAction\",\"target\":{\"@type\":\"EntryPoint\",\"urlTemplate\":\"https:\/\/citronnature.fr\/?s={search_term_string}\"},\"query-input\":{\"@type\":\"PropertyValueSpecification\",\"valueRequired\":true,\"valueName\":\"search_term_string\"}}],\"inLanguage\":\"fr-FR\"},{\"@type\":\"Organization\",\"@id\":\"https:\/\/citronnature.fr\/#organization\",\"name\":\"CITRON NATURE Management de transition\",\"url\":\"https:\/\/citronnature.fr\/\",\"logo\":{\"@type\":\"ImageObject\",\"inLanguage\":\"fr-FR\",\"@id\":\"https:\/\/citronnature.fr\/#\/schema\/logo\/image\/\",\"url\":\"https:\/\/citronnature.fr\/wp-content\/uploads\/2025\/04\/Logo-test.jpg\",\"contentUrl\":\"https:\/\/citronnature.fr\/wp-content\/uploads\/2025\/04\/Logo-test.jpg\",\"width\":1093,\"height\":264,\"caption\":\"CITRON NATURE Management de transition\"},\"image\":{\"@id\":\"https:\/\/citronnature.fr\/#\/schema\/logo\/image\/\"}}]}<\/script>\n<!-- \/ Yoast SEO plugin. -->","yoast_head_json":{"title":"Isabelle FAVORY - CITRON NATURE Management de transition","robots":{"index":"index","follow":"follow","max-snippet":"max-snippet:-1","max-image-preview":"max-image-preview:large","max-video-preview":"max-video-preview:-1"},"canonical":"https:\/\/citronnature.fr\/index.php\/isabelle-favory\/","og_locale":"fr_FR","og_type":"article","og_title":"Isabelle FAVORY - CITRON NATURE Management de transition","og_description":"Direction Supply Chain \u2013 Logistique &amp; Transport \u2013 Relation Clients Ancrage Territorial Grand Est (51\/08\/02)Mobilit\u00e9 nationale &#8211; environnements multi-sites France et Europe Fonctions Cl\u00e9s Direction Supply Chain \u00b7 Logistique &amp; Transport \u00b7 Gestion de Projets \u00b7 Management de la Performance \u00b7 Relation Clients \u00b7 Transformation des Organisations Super-Pouvoir Ce que j\u2019apporte concr\u00e8tement aux entreprises Environnements [&hellip;]","og_url":"https:\/\/citronnature.fr\/index.php\/isabelle-favory\/","og_site_name":"CITRON NATURE Management de transition","article_modified_time":"2026-02-25T13:04:02+00:00","og_image":[{"width":374,"height":500,"url":"https:\/\/citronnature.fr\/wp-content\/uploads\/2026\/02\/Isabelle-FAVORY-374x500-1.jpg","type":"image\/jpeg"}],"twitter_card":"summary_large_image","twitter_misc":{"Dur\u00e9e de lecture estim\u00e9e":"2 minutes"},"schema":{"@context":"https:\/\/schema.org","@graph":[{"@type":"WebPage","@id":"https:\/\/citronnature.fr\/index.php\/isabelle-favory\/","url":"https:\/\/citronnature.fr\/index.php\/isabelle-favory\/","name":"Isabelle FAVORY - CITRON NATURE Management de transition","isPartOf":{"@id":"https:\/\/citronnature.fr\/#website"},"primaryImageOfPage":{"@id":"https:\/\/citronnature.fr\/index.php\/isabelle-favory\/#primaryimage"},"image":{"@id":"https:\/\/citronnature.fr\/index.php\/isabelle-favory\/#primaryimage"},"thumbnailUrl":"https:\/\/citronnature.fr\/wp-content\/uploads\/2026\/02\/Isabelle-FAVORY-374x500-1.jpg","datePublished":"2026-02-23T14:32:03+00:00","dateModified":"2026-02-25T13:04:02+00:00","breadcrumb":{"@id":"https:\/\/citronnature.fr\/index.php\/isabelle-favory\/#breadcrumb"},"inLanguage":"fr-FR","potentialAction":[{"@type":"ReadAction","target":["https:\/\/citronnature.fr\/index.php\/isabelle-favory\/"]}]},{"@type":"ImageObject","inLanguage":"fr-FR","@id":"https:\/\/citronnature.fr\/index.php\/isabelle-favory\/#primaryimage","url":"https:\/\/citronnature.fr\/wp-content\/uploads\/2026\/02\/Isabelle-FAVORY-374x500-1.jpg","contentUrl":"https:\/\/citronnature.fr\/wp-content\/uploads\/2026\/02\/Isabelle-FAVORY-374x500-1.jpg","width":374,"height":500},{"@type":"BreadcrumbList","@id":"https:\/\/citronnature.fr\/index.php\/isabelle-favory\/#breadcrumb","itemListElement":[{"@type":"ListItem","position":1,"name":"Accueil","item":"https:\/\/citronnature.fr\/"},{"@type":"ListItem","position":2,"name":"Isabelle FAVORY"}]},{"@type":"WebSite","@id":"https:\/\/citronnature.fr\/#website","url":"https:\/\/citronnature.fr\/","name":"CITRON NATURE Management de transition","description":"","publisher":{"@id":"https:\/\/citronnature.fr\/#organization"},"potentialAction":[{"@type":"SearchAction","target":{"@type":"EntryPoint","urlTemplate":"https:\/\/citronnature.fr\/?s={search_term_string}"},"query-input":{"@type":"PropertyValueSpecification","valueRequired":true,"valueName":"search_term_string"}}],"inLanguage":"fr-FR"},{"@type":"Organization","@id":"https:\/\/citronnature.fr\/#organization","name":"CITRON NATURE Management de transition","url":"https:\/\/citronnature.fr\/","logo":{"@type":"ImageObject","inLanguage":"fr-FR","@id":"https:\/\/citronnature.fr\/#\/schema\/logo\/image\/","url":"https:\/\/citronnature.fr\/wp-content\/uploads\/2025\/04\/Logo-test.jpg","contentUrl":"https:\/\/citronnature.fr\/wp-content\/uploads\/2025\/04\/Logo-test.jpg","width":1093,"height":264,"caption":"CITRON NATURE Management de transition"},"image":{"@id":"https:\/\/citronnature.fr\/#\/schema\/logo\/image\/"}}]}},"_links":{"self":[{"href":"https:\/\/citronnature.fr\/index.php\/wp-json\/wp\/v2\/pages\/1809","targetHints":{"allow":["GET"]}}],"collection":[{"href":"https:\/\/citronnature.fr\/index.php\/wp-json\/wp\/v2\/pages"}],"about":[{"href":"https:\/\/citronnature.fr\/index.php\/wp-json\/wp\/v2\/types\/page"}],"author":[{"embeddable":true,"href":"https:\/\/citronnature.fr\/index.php\/wp-json\/wp\/v2\/users\/1"}],"replies":[{"embeddable":true,"href":"https:\/\/citronnature.fr\/index.php\/wp-json\/wp\/v2\/comments?post=1809"}],"version-history":[{"count":2,"href":"https:\/\/citronnature.fr\/index.php\/wp-json\/wp\/v2\/pages\/1809\/revisions"}],"predecessor-version":[{"id":1855,"href":"https:\/\/citronnature.fr\/index.php\/wp-json\/wp\/v2\/pages\/1809\/revisions\/1855"}],"wp:attachment":[{"href":"https:\/\/citronnature.fr\/index.php\/wp-json\/wp\/v2\/media?parent=1809"}],"curies":[{"name":"wp","href":"https:\/\/api.w.org\/{rel}","templated":true}]}}