{"id":129,"date":"2018-06-26T17:04:56","date_gmt":"2018-06-26T15:04:56","guid":{"rendered":"http:\/\/citronnature.fr\/?page_id=129"},"modified":"2025-04-17T14:17:38","modified_gmt":"2025-04-17T12:17:38","slug":"mentions-legales","status":"publish","type":"page","link":"https:\/\/citronnature.fr\/index.php\/mentions-legales\/","title":{"rendered":"Mentions L\u00e9gales"},"content":{"rendered":"<h2>Pr\u00e9sentation du site<\/h2>\n<p>En vertu de l\u2019article 6 de la loi n\u00b0 2004-575 du 21 juin 2004 pour la confiance dans l\u2019\u00e9conomie num\u00e9rique, il est pr\u00e9cis\u00e9 aux utilisateurs du site <a style=\"font-size: inherit;\" href=\"http:\/\/citronnature.fr\">http:\/\/citronnature.fr<\/a><span style=\"font-size: inherit; color: #191e23;\">\u00a0l\u2019identit\u00e9 des diff\u00e9rents intervenants dans le cadre de sa r\u00e9alisation et de son suivi :<\/span><\/p>\n<div class=\"decal\">\n<p><strong>Propri\u00e9taire<\/strong>\u00a0:<br \/>\nLa soci\u00e9t\u00e9 CITRON NATURE est immatricul\u00e9e au Registre du Commerce et des Soci\u00e9t\u00e9s d&rsquo;Evry sous le num\u00e9ro 802612499.<br \/>\nCITRON NATURE<br \/>\n9 rue des Vignes<br \/>\n51140 TRESLON<br \/>\nFRANCE<br \/>\nT\u00e9l : (+ 33) (0) 6.11.76.55.22<br \/>\nEmail : citronnature@orange.fr<\/p>\n<p><strong>Responsable publication<\/strong>\u00a0: Marianne CITRON<\/p>\n<p><strong>Conception et r\u00e9alisation<\/strong>\u00a0:<br \/>\nCe site a \u00e9t\u00e9 r\u00e9alis\u00e9 par la soci\u00e9t\u00e9 Mezzoforte.<br \/>\nMEZZOFORTE<br \/>\n9 rue des Vignes<br \/>\n51140 TRESLON<br \/>\nFRANCE<br \/>\nT\u00e9l\u00a0: (+33) (0) 7.83.13.25.49<br \/>\nEmail : dominique.jorge@mezzoforte.fr<br \/>\nInternet :\u00a0<a href=\"http:\/\/www.mezzoforte.fr\">www.mezzoforte.fr<\/a><\/p>\n<p><strong>H\u00e9bergeur<\/strong> : SCALEWAY &#8211; 8 rue de la Ville l\u2019Ev\u00eaque, 75008 Paris &#8211; <a href=\"http:\/\/www.scaleway.com\" target=\"_blank\" rel=\"noopener noreferrer\">www.scaleway.com<\/a><\/p>\n<h2>Conditions g\u00e9n\u00e9rales d&rsquo;utilisation du site et des services propos\u00e9s<\/h2>\n<p><span style=\"font-size: inherit; color: #191e23;\">L\u2019utilisation du site <\/span><a style=\"font-size: inherit;\" href=\"http:\/\/www.citronnature.fr\">http:\/\/citronnature.fr<\/a><span style=\"font-size: inherit; color: #191e23;\"> implique l\u2019acceptation pleine et enti\u00e8re des conditions g\u00e9n\u00e9rales d\u2019utilisation ci-apr\u00e8s d\u00e9crites. Ces conditions d\u2019utilisation sont susceptibles d\u2019\u00eatre modifi\u00e9es ou compl\u00e9t\u00e9es \u00e0 tout moment, les utilisateurs du site <\/span><a style=\"font-size: inherit;\" href=\"http:\/\/citronnature.fr\">http:\/\/www.citronnature.fr<\/a><span style=\"font-size: inherit; color: #191e23;\">\u00a0sont donc invit\u00e9s \u00e0 les consulter de mani\u00e8re r\u00e9guli\u00e8re.<\/span><\/p>\n<\/div>\n<div class=\"decal\">\n<div class=\"decal\">\n<p>Ce site est normalement accessible \u00e0 tout moment aux utilisateurs. Une interruption pour raison de maintenance technique peut \u00eatre toutefois d\u00e9cid\u00e9e par CITRON NATURE, qui s\u2019efforcera alors de communiquer pr\u00e9alablement aux utilisateurs les dates et heures de l\u2019intervention, et a minima laissera appara\u00eetre une page indiquant la maintenance du site.<\/p>\n<p>Le site site <a href=\"http:\/\/citronnature.fr\">http:\/\/www.citronnature.fr<\/a> est mis \u00e0 jour r\u00e9guli\u00e8rement par CITRON NATURE. De la m\u00eame fa\u00e7on, les mentions l\u00e9gales peuvent \u00eatre modifi\u00e9es \u00e0 tout moment : elles s\u2019imposent n\u00e9anmoins \u00e0 l\u2019utilisateur qui est invit\u00e9 \u00e0 s\u2019y r\u00e9f\u00e9rer le plus souvent possible afin d\u2019en prendre connaissance.<\/p>\n<h2>Description des services fournis<\/h2>\n<p><span style=\"font-size: inherit; color: #191e23;\">Le site <\/span><a style=\"font-size: inherit;\" href=\"http:\/\/citronnature.fr\">http:\/\/www.citronnature.fr<\/a><span style=\"font-size: inherit; color: #191e23;\"> a pour objet de fournir une information concernant l\u2019ensemble des activit\u00e9s de la soci\u00e9t\u00e9 CITRON NATURE.<\/span><\/p>\n<\/div>\n<div class=\"decal\">\n<p>CITRON NATURE s\u2019efforce de fournir sur le site <a href=\"http:\/\/citronnature.fr\">http:\/\/www.citronnature.fr<\/a>\u00a0des informations aussi pr\u00e9cises que possible. Toutefois, elle ne pourra \u00eatre tenue responsable des omissions, des inexactitudes et des carences dans la mise \u00e0 jour, qu\u2019elles soient de son fait ou du fait des tiers partenaires qui lui fournissent ces informations.<\/p>\n<p>Toutes les informations indiqu\u00e9es sur le site <a href=\"http:\/\/citronnature.fr\">http:\/\/www.citronnature.fr<\/a> sont donn\u00e9es \u00e0 titre indicatif, et sont susceptibles d\u2019\u00e9voluer. Par ailleurs, les renseignements figurant sur le site <a href=\"http:\/\/citronnature.fr\">http:\/\/www.citronnature.fr<\/a> ne sont pas exhaustifs. Ils sont donn\u00e9s sous r\u00e9serve de modifications ayant \u00e9t\u00e9 apport\u00e9es depuis leur mise en ligne.<\/p>\n<h2>Liens hypertextes et cookies<\/h2>\n<p><span style=\"font-size: inherit; color: #191e23;\">Le site <\/span><a style=\"font-size: inherit;\" href=\"http:\/\/citronnature.fr\">http:\/\/www.citronnature.fr<\/a><span style=\"font-size: inherit; color: #191e23;\"> peut contenir un certain nombre de liens hypertextes vers d\u2019autres sites, mis en place avec l\u2019autorisation de CITRON NATURE. Cependant, CITRON NATURE n\u2019a pas la possibilit\u00e9 de v\u00e9rifier en permanence le contenu des sites ainsi visit\u00e9s, et n\u2019assumera en cons\u00e9quence aucune responsabilit\u00e9 de ce fait.<\/span><\/p>\n<\/div>\n<div class=\"decal\">\n<p>La navigation sur le site <a href=\"http:\/\/citronnature.fr\">http:\/\/www.citronnature.fr<\/a>\u00a0 ne provoque de la part de CITRON NATURE aucune installation de cookie sur l\u2019ordinateur de l\u2019utilisateur.<\/p>\n<p><strong>Statistiques et mesures d\u2019audience<\/strong><\/p>\n<p>En revanche, et \u00e0 des fins statistiques et de mesure d&rsquo;audience, des donn\u00e9es sont collect\u00e9es par l\u2019interm\u00e9diaire de Jetpack (de WordPress).<br \/>\nVous trouverez leur politique de confidentialit\u00e9 en suivant ce lien : <a href=\"https:\/\/fr.wordpress.com\/tos\/\" target=\"_blank\" rel=\"noopener noreferrer\">https:\/\/fr.wordpress.com\/tos\/<\/a><\/p>\n<p><strong>Contenu embarqu\u00e9 depuis d\u2019autres sites<\/strong><\/p>\n<p>Les articles de ce site peuvent inclure des contenus int\u00e9gr\u00e9s (par exemple des vid\u00e9os, images, articles\u2026). Le contenu int\u00e9gr\u00e9 depuis d\u2019autres sites se comporte de la m\u00eame mani\u00e8re que si le visiteur se rendait sur cet autre site.<br \/>\nCes sites web pourraient collecter des donn\u00e9es sur vous, utiliser des cookies, embarquer des outils de suivis tiers, suivre vos interactions avec ces contenus embarqu\u00e9s si vous disposez d\u2019un compte connect\u00e9 sur leur site web.<\/p>\n<h2>Propri\u00e9t\u00e9 intellectuelle et contrefa\u00e7on<\/h2>\n<p><span style=\"font-size: inherit; color: #191e23;\">CITRON NATURE est propri\u00e9taire des droits de propri\u00e9t\u00e9 intellectuelle ou d\u00e9tient les droits d\u2019usage sur tous les \u00e9l\u00e9ments accessibles sur le site, notamment les textes, images, graphismes, logo, ic\u00f4nes, sons, logiciels.<\/span><\/p>\n<\/div>\n<div class=\"decal\">\n<p>Sinon CITRON NATURE a fait en sorte de n&rsquo;utiliser que des m\u00e9dias libres de droits.<\/p>\n<p>Toute reproduction, repr\u00e9sentation, modification, publication, adaptation de tout ou partie des \u00e9l\u00e9ments du site, quel que soit le moyen ou le proc\u00e9d\u00e9 utilis\u00e9, est interdite, sauf autorisation \u00e9crite pr\u00e9alable de CITRON NATURE.<\/p>\n<p>Toute exploitation non autoris\u00e9e du site ou de l\u2019un quelconque des \u00e9l\u00e9ments qu\u2019il contient sera consid\u00e9r\u00e9e comme constitutive d\u2019une contrefa\u00e7on et poursuivie conform\u00e9ment aux dispositions des articles L.335-2 et suivants du Code de Propri\u00e9t\u00e9 Intellectuelle.<\/p>\n<h2>Protection des biens et des personnes &#8211; gestion des donn\u00e9es personnelles<\/h2>\n<p>En France, les donn\u00e9es personnelles sont notamment prot\u00e9g\u00e9es par la loi n\u00b0 78-87 du 6 janvier 1978, la loi n\u00b0 2004-801 du 6 ao\u00fbt 2004, l\u2019article L. 226-13 du Code p\u00e9nal et la Directive Europ\u00e9enne du 24 octobre 1995.<\/p>\n<p>Le site n\u2019est pas d\u00e9clar\u00e9 \u00e0 la CNIL car il ne stocke aucune information personnelle sur aucun fichier<\/p>\n<h2>Limitations de responsabilit\u00e9<\/h2>\n<p><span style=\"font-size: inherit; color: #191e23;\">CITRON NATURE ne pourra \u00eatre tenue responsable des dommages directs et indirects caus\u00e9s au mat\u00e9riel de l\u2019utilisateur, lors de l\u2019acc\u00e8s au site <\/span><a style=\"font-size: inherit;\" href=\"http:\/\/citronnature.fr\">http:\/\/www.citronnature.fr<\/a><span style=\"font-size: inherit; color: #191e23;\">, et r\u00e9sultant soit de l\u2019utilisation d\u2019un mat\u00e9riel ne r\u00e9pondant pas aux sp\u00e9cifications indiqu\u00e9es dans le chapitre \u00ab\u00a0Recommandations Techniques\u00a0\u00bb, soit de l\u2019apparition d\u2019un bug ou d\u2019une incompatibilit\u00e9.<\/span><\/p>\n<\/div>\n<div class=\"decal\">\n<p>CITRON NATURE ne pourra \u00e9galement \u00eatre tenue responsable des dommages indirects (tels par exemple qu\u2019une perte de march\u00e9) cons\u00e9cutifs \u00e0 l\u2019utilisation du site <a href=\"http:\/\/citronnature.fr\">http:\/\/www.citronnature.fr<\/a>.<\/p>\n<p>CITRON NATURE ne saurait \u00eatre tenu responsable des erreurs mat\u00e9rielles qui se seraient \u00e9ventuellement gliss\u00e9es dans les documents pr\u00e9sents sur le site, malgr\u00e9 le soin apport\u00e9 \u00e0 leur publication.<\/p>\n<h2>Recommandations techniques<\/h2>\n<p><span style=\"font-size: inherit; color: #191e23;\">L\u2019utilisateur du site s\u2019engage \u00e0 acc\u00e9der au site en utilisant un mat\u00e9riel r\u00e9cent, ne contenant pas de virus et avec un navigateur de derni\u00e8re g\u00e9n\u00e9ration mis-\u00e0-jour. A cet \u00e9gard, et pour un meilleur confort d\u2019utilisation et un graphisme plus agr\u00e9able, nous vous recommandons de recourir \u00e0 des navigateurs modernes comme Google Chrome, Internet Explorer, Safari, Firefox, etc\u2026<\/span><\/p>\n<\/div>\n<div class=\"decal\">\n<p>Le site <a href=\"http:\/\/citronnature.fr\">http:\/\/www.citronnature.fr<\/a> est responsive design, c\u2019est \u00e0 dire qu\u2019\u00e0 ce titre il est transposable sur les \u00e9crans portables (t\u00e9l\u00e9phones et tablettes). Cependant, ce service \u00e9tant automatique, nous ne pouvons garantir \u00e0 100% la coh\u00e9rence de l\u2019affichage sur les appareils mobiles.<\/p>\n<p>Si vous d\u00e9tectez un probl\u00e8me, vous pouvez nous en informer par mail \u00e0 l&rsquo;adresse : citronnature@orange.fr<\/p>\n<h2>Droit applicable et attribution de juridiction<\/h2>\n<p><span style=\"font-size: inherit; color: #191e23;\">Tout litige en relation avec l\u2019utilisation du site <\/span><a style=\"font-size: inherit;\" href=\"http:\/\/citronnature.fr\">http:\/\/www.citronnature.fr<\/a><span style=\"font-size: inherit; color: #191e23;\">\u00a0est soumis au droit fran\u00e7ais. Il est fait attribution exclusive de juridiction aux tribunaux comp\u00e9tents dont le si\u00e8ge social d\u00e9pend.<\/span><\/p>\n<\/div>\n<\/div>\n","protected":false},"excerpt":{"rendered":"<p>Pr\u00e9sentation du site En vertu de l\u2019article 6 de la loi n\u00b0 2004-575 du 21 juin 2004 pour la confiance dans l\u2019\u00e9conomie num\u00e9rique, il est pr\u00e9cis\u00e9 aux utilisateurs du site http:\/\/citronnature.fr\u00a0l\u2019identit\u00e9 des diff\u00e9rents intervenants dans le cadre de sa r\u00e9alisation et de son suivi : Propri\u00e9taire\u00a0: La soci\u00e9t\u00e9 CITRON NATURE est immatricul\u00e9e au Registre du [&hellip;]<\/p>\n","protected":false},"author":1,"featured_media":0,"parent":0,"menu_order":0,"comment_status":"closed","ping_status":"closed","template":"","meta":{"footnotes":""},"class_list":["post-129","page","type-page","status-publish","hentry"],"yoast_head":"<!-- This site is optimized with the Yoast SEO plugin v25.4 - https:\/\/yoast.com\/wordpress\/plugins\/seo\/ -->\n<title>Mentions L\u00e9gales - CITRON NATURE Management de transition<\/title>\n<meta name=\"robots\" content=\"index, follow, max-snippet:-1, max-image-preview:large, max-video-preview:-1\" \/>\n<link rel=\"canonical\" href=\"https:\/\/citronnature.fr\/index.php\/mentions-legales\/\" \/>\n<meta property=\"og:locale\" content=\"fr_FR\" \/>\n<meta property=\"og:type\" content=\"article\" \/>\n<meta property=\"og:title\" content=\"Mentions L\u00e9gales - CITRON NATURE Management de transition\" \/>\n<meta property=\"og:description\" content=\"Pr\u00e9sentation du site En vertu de l\u2019article 6 de la loi n\u00b0 2004-575 du 21 juin 2004 pour la confiance dans l\u2019\u00e9conomie num\u00e9rique, il est pr\u00e9cis\u00e9 aux utilisateurs du site http:\/\/citronnature.fr\u00a0l\u2019identit\u00e9 des diff\u00e9rents intervenants dans le cadre de sa r\u00e9alisation et de son suivi : Propri\u00e9taire\u00a0: La soci\u00e9t\u00e9 CITRON NATURE est immatricul\u00e9e au Registre du [&hellip;]\" \/>\n<meta property=\"og:url\" content=\"https:\/\/citronnature.fr\/index.php\/mentions-legales\/\" \/>\n<meta property=\"og:site_name\" content=\"CITRON NATURE Management de transition\" \/>\n<meta property=\"article:modified_time\" content=\"2025-04-17T12:17:38+00:00\" \/>\n<meta name=\"twitter:card\" content=\"summary_large_image\" \/>\n<meta name=\"twitter:label1\" content=\"Dur\u00e9e de lecture estim\u00e9e\" \/>\n\t<meta name=\"twitter:data1\" content=\"6 minutes\" \/>\n<script type=\"application\/ld+json\" class=\"yoast-schema-graph\">{\"@context\":\"https:\/\/schema.org\",\"@graph\":[{\"@type\":\"WebPage\",\"@id\":\"https:\/\/citronnature.fr\/index.php\/mentions-legales\/\",\"url\":\"https:\/\/citronnature.fr\/index.php\/mentions-legales\/\",\"name\":\"Mentions L\u00e9gales - CITRON NATURE Management de transition\",\"isPartOf\":{\"@id\":\"https:\/\/citronnature.fr\/#website\"},\"datePublished\":\"2018-06-26T15:04:56+00:00\",\"dateModified\":\"2025-04-17T12:17:38+00:00\",\"breadcrumb\":{\"@id\":\"https:\/\/citronnature.fr\/index.php\/mentions-legales\/#breadcrumb\"},\"inLanguage\":\"fr-FR\",\"potentialAction\":[{\"@type\":\"ReadAction\",\"target\":[\"https:\/\/citronnature.fr\/index.php\/mentions-legales\/\"]}]},{\"@type\":\"BreadcrumbList\",\"@id\":\"https:\/\/citronnature.fr\/index.php\/mentions-legales\/#breadcrumb\",\"itemListElement\":[{\"@type\":\"ListItem\",\"position\":1,\"name\":\"Accueil\",\"item\":\"https:\/\/citronnature.fr\/\"},{\"@type\":\"ListItem\",\"position\":2,\"name\":\"Mentions L\u00e9gales\"}]},{\"@type\":\"WebSite\",\"@id\":\"https:\/\/citronnature.fr\/#website\",\"url\":\"https:\/\/citronnature.fr\/\",\"name\":\"CITRON NATURE Management de transition\",\"description\":\"\",\"publisher\":{\"@id\":\"https:\/\/citronnature.fr\/#organization\"},\"potentialAction\":[{\"@type\":\"SearchAction\",\"target\":{\"@type\":\"EntryPoint\",\"urlTemplate\":\"https:\/\/citronnature.fr\/?s={search_term_string}\"},\"query-input\":{\"@type\":\"PropertyValueSpecification\",\"valueRequired\":true,\"valueName\":\"search_term_string\"}}],\"inLanguage\":\"fr-FR\"},{\"@type\":\"Organization\",\"@id\":\"https:\/\/citronnature.fr\/#organization\",\"name\":\"CITRON NATURE Management de transition\",\"url\":\"https:\/\/citronnature.fr\/\",\"logo\":{\"@type\":\"ImageObject\",\"inLanguage\":\"fr-FR\",\"@id\":\"https:\/\/citronnature.fr\/#\/schema\/logo\/image\/\",\"url\":\"https:\/\/citronnature.fr\/wp-content\/uploads\/2025\/04\/Logo-test.jpg\",\"contentUrl\":\"https:\/\/citronnature.fr\/wp-content\/uploads\/2025\/04\/Logo-test.jpg\",\"width\":1093,\"height\":264,\"caption\":\"CITRON NATURE Management de transition\"},\"image\":{\"@id\":\"https:\/\/citronnature.fr\/#\/schema\/logo\/image\/\"}}]}<\/script>\n<!-- \/ Yoast SEO plugin. -->","yoast_head_json":{"title":"Mentions L\u00e9gales - CITRON NATURE Management de transition","robots":{"index":"index","follow":"follow","max-snippet":"max-snippet:-1","max-image-preview":"max-image-preview:large","max-video-preview":"max-video-preview:-1"},"canonical":"https:\/\/citronnature.fr\/index.php\/mentions-legales\/","og_locale":"fr_FR","og_type":"article","og_title":"Mentions L\u00e9gales - CITRON NATURE Management de transition","og_description":"Pr\u00e9sentation du site En vertu de l\u2019article 6 de la loi n\u00b0 2004-575 du 21 juin 2004 pour la confiance dans l\u2019\u00e9conomie num\u00e9rique, il est pr\u00e9cis\u00e9 aux utilisateurs du site http:\/\/citronnature.fr\u00a0l\u2019identit\u00e9 des diff\u00e9rents intervenants dans le cadre de sa r\u00e9alisation et de son suivi : Propri\u00e9taire\u00a0: La soci\u00e9t\u00e9 CITRON NATURE est immatricul\u00e9e au Registre du [&hellip;]","og_url":"https:\/\/citronnature.fr\/index.php\/mentions-legales\/","og_site_name":"CITRON NATURE Management de transition","article_modified_time":"2025-04-17T12:17:38+00:00","twitter_card":"summary_large_image","twitter_misc":{"Dur\u00e9e de lecture estim\u00e9e":"6 minutes"},"schema":{"@context":"https:\/\/schema.org","@graph":[{"@type":"WebPage","@id":"https:\/\/citronnature.fr\/index.php\/mentions-legales\/","url":"https:\/\/citronnature.fr\/index.php\/mentions-legales\/","name":"Mentions L\u00e9gales - CITRON NATURE Management de transition","isPartOf":{"@id":"https:\/\/citronnature.fr\/#website"},"datePublished":"2018-06-26T15:04:56+00:00","dateModified":"2025-04-17T12:17:38+00:00","breadcrumb":{"@id":"https:\/\/citronnature.fr\/index.php\/mentions-legales\/#breadcrumb"},"inLanguage":"fr-FR","potentialAction":[{"@type":"ReadAction","target":["https:\/\/citronnature.fr\/index.php\/mentions-legales\/"]}]},{"@type":"BreadcrumbList","@id":"https:\/\/citronnature.fr\/index.php\/mentions-legales\/#breadcrumb","itemListElement":[{"@type":"ListItem","position":1,"name":"Accueil","item":"https:\/\/citronnature.fr\/"},{"@type":"ListItem","position":2,"name":"Mentions L\u00e9gales"}]},{"@type":"WebSite","@id":"https:\/\/citronnature.fr\/#website","url":"https:\/\/citronnature.fr\/","name":"CITRON NATURE Management de transition","description":"","publisher":{"@id":"https:\/\/citronnature.fr\/#organization"},"potentialAction":[{"@type":"SearchAction","target":{"@type":"EntryPoint","urlTemplate":"https:\/\/citronnature.fr\/?s={search_term_string}"},"query-input":{"@type":"PropertyValueSpecification","valueRequired":true,"valueName":"search_term_string"}}],"inLanguage":"fr-FR"},{"@type":"Organization","@id":"https:\/\/citronnature.fr\/#organization","name":"CITRON NATURE Management de transition","url":"https:\/\/citronnature.fr\/","logo":{"@type":"ImageObject","inLanguage":"fr-FR","@id":"https:\/\/citronnature.fr\/#\/schema\/logo\/image\/","url":"https:\/\/citronnature.fr\/wp-content\/uploads\/2025\/04\/Logo-test.jpg","contentUrl":"https:\/\/citronnature.fr\/wp-content\/uploads\/2025\/04\/Logo-test.jpg","width":1093,"height":264,"caption":"CITRON NATURE Management de transition"},"image":{"@id":"https:\/\/citronnature.fr\/#\/schema\/logo\/image\/"}}]}},"_links":{"self":[{"href":"https:\/\/citronnature.fr\/index.php\/wp-json\/wp\/v2\/pages\/129","targetHints":{"allow":["GET"]}}],"collection":[{"href":"https:\/\/citronnature.fr\/index.php\/wp-json\/wp\/v2\/pages"}],"about":[{"href":"https:\/\/citronnature.fr\/index.php\/wp-json\/wp\/v2\/types\/page"}],"author":[{"embeddable":true,"href":"https:\/\/citronnature.fr\/index.php\/wp-json\/wp\/v2\/users\/1"}],"replies":[{"embeddable":true,"href":"https:\/\/citronnature.fr\/index.php\/wp-json\/wp\/v2\/comments?post=129"}],"version-history":[{"count":23,"href":"https:\/\/citronnature.fr\/index.php\/wp-json\/wp\/v2\/pages\/129\/revisions"}],"predecessor-version":[{"id":1299,"href":"https:\/\/citronnature.fr\/index.php\/wp-json\/wp\/v2\/pages\/129\/revisions\/1299"}],"wp:attachment":[{"href":"https:\/\/citronnature.fr\/index.php\/wp-json\/wp\/v2\/media?parent=129"}],"curies":[{"name":"wp","href":"https:\/\/api.w.org\/{rel}","templated":true}]}}